{"id":99701,"date":"2023-05-03T07:54:15","date_gmt":"2023-05-03T10:54:15","guid":{"rendered":"https:\/\/portal.uern.br\/acessoainformacao\/?page_id=99701"},"modified":"2024-09-30T08:15:47","modified_gmt":"2024-09-30T11:15:47","slug":"internacionalizacao","status":"publish","type":"page","link":"https:\/\/portal.uern.br\/acessoainformacao\/internacionalizacao\/","title":{"rendered":"Internacionaliza\u00e7\u00e3o"},"content":{"rendered":"<p data-raofz=\"16\">A Diretoria de Rela\u00e7\u00f5es Internacionais e Interinstitucionais \u2013 DIRI da Universidade do Estado do Rio Grande do Norte, \u00f3rg\u00e3o vinculado \u00e0 Reitoria, respons\u00e1vel pelo planejamento, execu\u00e7\u00e3o e avalia\u00e7\u00e3o da pol\u00edtica institucional de internacionaliza\u00e7\u00e3o da UERN, tem como fun\u00e7\u00e3o promover a inser\u00e7\u00e3o internacional da IES, em conson\u00e2ncia com as diretrizes estabelecidas em seu Plano de Desenvolvimento Institucional \u2013 PDI.<\/p>\n<div style=\"width: 100%!;margin-top: 4px!important;text-align: right!important\"><\/div>\n<p><a href=\"https:\/\/lookerstudio.google.com\/reporting\/283bb412-e444-42da-ba9c-284d7fb73c24\">Confira todos os N\u00fameros de Internacionaliza\u00e7\u00e3o<\/a><\/p>\n<p><iframe class=\"flourish-embed-iframe\" style=\"width: 100%;height: 600px\" src=\"https:\/\/flo.uri.sh\/visualisation\/18315442\/embed\" frameborder=\"0\" scrolling=\"no\"><\/iframe><\/p>\n<p>Fonte dos Dados: Diretoria de Rela\u00e7\u00f5es Internacionais e Interinstitucionais (DIRI)*<\/p>\n<hr \/>\n<p>*Os dados possuem atualiza\u00e7\u00e3o din\u00e2mica sob responsabilidade dos servidores da DIRI: Za\u00edra Nakala da Silva C\u00e2mara, Ket\u00facia Mirlene Duarte de Lima e Pedro Adri\u00e3o da Silva J\u00fanior<\/p>\n","protected":false},"excerpt":{"rendered":"<p>A Diretoria de Rela\u00e7\u00f5es Internacionais e Interinstitucionais \u2013 DIRI da Universidade do Estado do Rio Grande do Norte, \u00f3rg\u00e3o vinculado \u00e0 Reitoria, respons\u00e1vel pelo planejamento, execu\u00e7\u00e3o e avalia\u00e7\u00e3o da pol\u00edtica institucional de internacionaliza\u00e7\u00e3o da UERN, tem como fun\u00e7\u00e3o promover a inser\u00e7\u00e3o internacional da IES, em conson\u00e2ncia com as diretrizes estabelecidas em seu Plano de Desenvolvimento [&hellip;]<\/p>\n","protected":false},"author":1,"featured_media":0,"parent":0,"menu_order":0,"comment_status":"closed","ping_status":"closed","template":"","meta":[],"_links":{"self":[{"href":"https:\/\/portal.uern.br\/acessoainformacao\/wp-json\/wp\/v2\/pages\/99701"}],"collection":[{"href":"https:\/\/portal.uern.br\/acessoainformacao\/wp-json\/wp\/v2\/pages"}],"about":[{"href":"https:\/\/portal.uern.br\/acessoainformacao\/wp-json\/wp\/v2\/types\/page"}],"author":[{"embeddable":true,"href":"https:\/\/portal.uern.br\/acessoainformacao\/wp-json\/wp\/v2\/users\/1"}],"replies":[{"embeddable":true,"href":"https:\/\/portal.uern.br\/acessoainformacao\/wp-json\/wp\/v2\/comments?post=99701"}],"version-history":[{"count":7,"href":"https:\/\/portal.uern.br\/acessoainformacao\/wp-json\/wp\/v2\/pages\/99701\/revisions"}],"predecessor-version":[{"id":100659,"href":"https:\/\/portal.uern.br\/acessoainformacao\/wp-json\/wp\/v2\/pages\/99701\/revisions\/100659"}],"wp:attachment":[{"href":"https:\/\/portal.uern.br\/acessoainformacao\/wp-json\/wp\/v2\/media?parent=99701"}],"curies":[{"name":"wp","href":"https:\/\/api.w.org\/{rel}","templated":true}]}}

Internacionalização

<p data-raofz="16">A Diretoria de Relações Internacionais e Interinstitucionais – DIRI da Universidade do Estado do Rio Grande do Norte, órgão vinculado à Reitoria, responsável pelo planejamento, execução e avaliação da política institucional de internacionalização da UERN, tem como função promover a inserção internacional da IES, em consonância com as diretrizes estabelecidas em seu Plano de Desenvolvimento Institucional – PDI.</p>
<div style="width: 100%!;margin-top: 4px!important;text-align: right!important"></div>
<p><a href="https://lookerstudio.google.com/reporting/283bb412-e444-42da-ba9c-284d7fb73c24">Confira todos os Números de Internacionalização</a></p>
<p><iframe class="flourish-embed-iframe" style="width: 100%;height: 600px" src="https://flo.uri.sh/visualisation/18315442/embed" frameborder="0" scrolling="no"></iframe></p>
<p>Fonte dos Dados: Diretoria de Relações Internacionais e Interinstitucionais (DIRI)*</p>
<hr />
<p>*Os dados possuem atualização dinâmica sob responsabilidade dos servidores da DIRI: Zaíra Nakala da Silva Câmara, Ketúcia Mirlene Duarte de Lima e Pedro Adrião da Silva Júnior</p>

<p>A Diretoria de Relações Internacionais e Interinstitucionais – DIRI da Universidade do Estado do Rio Grande do Norte, órgão vinculado à Reitoria, responsável pelo planejamento, execução e avaliação da política institucional de internacionalização da UERN, tem como função promover a inserção internacional da IES, em consonância com as diretrizes estabelecidas em seu Plano de Desenvolvimento [&hellip;]</p>
