{"id":99699,"date":"2023-05-03T07:54:01","date_gmt":"2023-05-03T10:54:01","guid":{"rendered":"https:\/\/portal.uern.br\/acessoainformacao\/?page_id=99699"},"modified":"2024-09-30T08:13:37","modified_gmt":"2024-09-30T11:13:37","slug":"extensao","status":"publish","type":"page","link":"https:\/\/portal.uern.br\/acessoainformacao\/extensao\/","title":{"rendered":"Extens\u00e3o"},"content":{"rendered":"<p><strong>PROEX Pr\u00f3-Reitoria de Extens\u00e3o<\/strong><\/p>\n<p>A Pr\u00f3-Reitoria de Extens\u00e3o (PROEX) \u00e9 \u00f3rg\u00e3o respons\u00e1vel por articular, acompanhar, registrar e promover as a\u00e7\u00f5es de extens\u00e3o da UERN. Fundamenta-se nos princ\u00edpios Nacionais da Pol\u00edtica de Extens\u00e3o expressa pelo F\u00f3rum de Pr\u00f3-Reitores de Extens\u00e3o das Universidades P\u00fablicas Brasileiras (FORPROEX, 2013), comprometendo-se com a consolida\u00e7\u00e3o de uma pol\u00edtica de valoriza\u00e7\u00e3o e qualifica\u00e7\u00e3o da atividade extensionista, na qual os princ\u00edpios da interdisciplinaridade, dialogicidade e indissociabilidade entre as atividades meios da forma\u00e7\u00e3o (ensino, pesquisa, extens\u00e3o), s\u00e3o a busca em devir em prol de uma universidade socialmente referenciada.<\/p>\n<p><a href=\"https:\/\/lookerstudio.google.com\/reporting\/5641ee16-cbeb-4047-a4e0-f6f0e6a7da35\">Confira todos os N\u00fameros de Extens\u00e3o<\/a><\/p>\n<p><iframe class=\"flourish-embed-iframe\" style=\"width: 100%;height: 600px\" src=\"https:\/\/flo.uri.sh\/visualisation\/18541936\/embed\" frameborder=\"0\" scrolling=\"no\"><\/iframe><\/p>\n<p>Fonte dos dados: Pr\u00f3-Reitoria de Extens\u00e3o (PROEX)*<\/p>\n<p><strong>Gabinete \u2013 Secretaria da Proex<\/strong><\/p>\n<p align=\"justify\">E-mail: proex@uern.br<\/p>\n<p align=\"justify\">Tel: 84 3315-2184<\/p>\n<p><strong>Diretoria de Extens\u00e3o\u00a0<\/strong><strong>\u2013\u00a0<\/strong><strong>DIEX<\/strong><\/p>\n<p align=\"justify\">E-mail: diex.proex@uern.br<\/p>\n<p align=\"justify\">Tel: 84 3315-2183<\/p>\n<p><strong>Diretoria de Educa\u00e7\u00e3o, Cultura e Artes \u2013 DECA<\/strong><\/p>\n<p align=\"justify\">Email: deca.proex@uern.br<\/p>\n<p align=\"justify\">Tel: 84 3315-2234<\/p>\n<p><strong>Diretoria de Educa\u00e7\u00e3o e A\u00e7\u00f5es Comunit\u00e1rias\u00a0<\/strong><strong>\u2013\u00a0<\/strong><strong>DEAC<\/strong><\/p>\n<p align=\"justify\">E-mail: deac.proex@uern.br<\/p>\n<p align=\"justify\">Tel: 84 3315-2182<\/p>\n<p><strong>Escola de Extens\u00e3o da UERN \u2013 EdUCA<\/strong><\/p>\n<p align=\"justify\">E-mail: educa.natal@uern.br<\/p>\n<p align=\"justify\">Tel:(84) 3232-6120<\/p>\n<hr \/>\n<div style=\"margin-top: 4px !important;text-align: left\">*Os dados possuem atualiza\u00e7\u00e3o din\u00e2mica sob responsabilidade dos servidores da PROEX: Kalina Barreto Machado e \u00c9rika Larissa de Oliveira Silva<\/div>\n","protected":false},"excerpt":{"rendered":"<p>PROEX Pr\u00f3-Reitoria de Extens\u00e3o A Pr\u00f3-Reitoria de Extens\u00e3o (PROEX) \u00e9 \u00f3rg\u00e3o respons\u00e1vel por articular, acompanhar, registrar e promover as a\u00e7\u00f5es de extens\u00e3o da UERN. Fundamenta-se nos princ\u00edpios Nacionais da Pol\u00edtica de Extens\u00e3o expressa pelo F\u00f3rum de Pr\u00f3-Reitores de Extens\u00e3o das Universidades P\u00fablicas Brasileiras (FORPROEX, 2013), comprometendo-se com a consolida\u00e7\u00e3o de uma pol\u00edtica de valoriza\u00e7\u00e3o e [&hellip;]<\/p>\n","protected":false},"author":1,"featured_media":0,"parent":0,"menu_order":0,"comment_status":"closed","ping_status":"closed","template":"","meta":[],"_links":{"self":[{"href":"https:\/\/portal.uern.br\/acessoainformacao\/wp-json\/wp\/v2\/pages\/99699"}],"collection":[{"href":"https:\/\/portal.uern.br\/acessoainformacao\/wp-json\/wp\/v2\/pages"}],"about":[{"href":"https:\/\/portal.uern.br\/acessoainformacao\/wp-json\/wp\/v2\/types\/page"}],"author":[{"embeddable":true,"href":"https:\/\/portal.uern.br\/acessoainformacao\/wp-json\/wp\/v2\/users\/1"}],"replies":[{"embeddable":true,"href":"https:\/\/portal.uern.br\/acessoainformacao\/wp-json\/wp\/v2\/comments?post=99699"}],"version-history":[{"count":8,"href":"https:\/\/portal.uern.br\/acessoainformacao\/wp-json\/wp\/v2\/pages\/99699\/revisions"}],"predecessor-version":[{"id":100658,"href":"https:\/\/portal.uern.br\/acessoainformacao\/wp-json\/wp\/v2\/pages\/99699\/revisions\/100658"}],"wp:attachment":[{"href":"https:\/\/portal.uern.br\/acessoainformacao\/wp-json\/wp\/v2\/media?parent=99699"}],"curies":[{"name":"wp","href":"https:\/\/api.w.org\/{rel}","templated":true}]}}