{"id":99691,"date":"2023-05-03T07:53:02","date_gmt":"2023-05-03T10:53:02","guid":{"rendered":"https:\/\/portal.uern.br\/acessoainformacao\/?page_id=99691"},"modified":"2023-10-05T08:50:54","modified_gmt":"2023-10-05T11:50:54","slug":"tecnologia-da-informacao","status":"publish","type":"page","link":"https:\/\/portal.uern.br\/acessoainformacao\/tecnologia-da-informacao\/","title":{"rendered":"Tecnologia da Informa\u00e7\u00e3o"},"content":{"rendered":"<p>A Diretoria de Informatiza\u00e7\u00e3o (DINF) \u00e9 respons\u00e1vel por planejar, implantar e manter as atividades relacionadas \u00e0 Tecnologia da Informa\u00e7\u00e3o da Universidade do Estado do Rio Grande do Norte (UERN).<\/p>\n<p>Com a miss\u00e3o de garantir, com excel\u00eancia, o apoio \u00e0s atividades de ensino, pesquisa, extens\u00e3o e gest\u00e3o institucional, mediante a execu\u00e7\u00e3o e gerenciamento dos servi\u00e7os de pol\u00edticas de Tecnologia da Informa\u00e7\u00e3o e Comunica\u00e7\u00e3o.<\/p>\n<p>Acesse os n\u00fameros da DINF:<\/p>\n<p><a href=\"https:\/\/docs.google.com\/presentation\/d\/e\/2PACX-1vTLcXfw77oRF9LgAySTE5u57FeB2LgFDZiGzCy7ymGyPMIzk7fmdO8gZICSMCoSaRoF_pIgqgzJFteS\/pub?start=true&amp;loop=true&amp;delayms=3000\" target=\"_blank\" rel=\"noopener\">DINF EM N\u00daMEROS<\/a><\/p>\n","protected":false},"excerpt":{"rendered":"<p>A Diretoria de Informatiza\u00e7\u00e3o (DINF) \u00e9 respons\u00e1vel por planejar, implantar e manter as atividades relacionadas \u00e0 Tecnologia da Informa\u00e7\u00e3o da Universidade do Estado do Rio Grande do Norte (UERN). Com a miss\u00e3o de garantir, com excel\u00eancia, o apoio \u00e0s atividades de ensino, pesquisa, extens\u00e3o e gest\u00e3o institucional, mediante a execu\u00e7\u00e3o e gerenciamento dos servi\u00e7os de [&hellip;]<\/p>\n","protected":false},"author":1,"featured_media":0,"parent":0,"menu_order":0,"comment_status":"closed","ping_status":"closed","template":"","meta":[],"_links":{"self":[{"href":"https:\/\/portal.uern.br\/acessoainformacao\/wp-json\/wp\/v2\/pages\/99691"}],"collection":[{"href":"https:\/\/portal.uern.br\/acessoainformacao\/wp-json\/wp\/v2\/pages"}],"about":[{"href":"https:\/\/portal.uern.br\/acessoainformacao\/wp-json\/wp\/v2\/types\/page"}],"author":[{"embeddable":true,"href":"https:\/\/portal.uern.br\/acessoainformacao\/wp-json\/wp\/v2\/users\/1"}],"replies":[{"embeddable":true,"href":"https:\/\/portal.uern.br\/acessoainformacao\/wp-json\/wp\/v2\/comments?post=99691"}],"version-history":[{"count":4,"href":"https:\/\/portal.uern.br\/acessoainformacao\/wp-json\/wp\/v2\/pages\/99691\/revisions"}],"predecessor-version":[{"id":100379,"href":"https:\/\/portal.uern.br\/acessoainformacao\/wp-json\/wp\/v2\/pages\/99691\/revisions\/100379"}],"wp:attachment":[{"href":"https:\/\/portal.uern.br\/acessoainformacao\/wp-json\/wp\/v2\/media?parent=99691"}],"curies":[{"name":"wp","href":"https:\/\/api.w.org\/{rel}","templated":true}]}}