{"id":99658,"date":"2023-04-24T20:02:50","date_gmt":"2023-04-24T23:02:50","guid":{"rendered":"https:\/\/portal.uern.br\/acessoainformacao\/?page_id=99658"},"modified":"2023-04-24T20:02:50","modified_gmt":"2023-04-24T23:02:50","slug":"perguntas-frequentes","status":"publish","type":"page","link":"https:\/\/portal.uern.br\/acessoainformacao\/perguntas-frequentes\/","title":{"rendered":"Perguntas frequentes"},"content":{"rendered":"<p>O campo \u201cPerguntas Frequentes\u201d dever\u00e1 apresentar, de forma estruturada e atualizada, as d\u00favidas mais frequentes dos cidad\u00e3os<\/p>\n","protected":false},"excerpt":{"rendered":"<p>O campo \u201cPerguntas Frequentes\u201d dever\u00e1 apresentar, de forma estruturada e atualizada, as d\u00favidas mais frequentes dos cidad\u00e3os<\/p>\n","protected":false},"author":1,"featured_media":0,"parent":0,"menu_order":0,"comment_status":"closed","ping_status":"closed","template":"","meta":[],"_links":{"self":[{"href":"https:\/\/portal.uern.br\/acessoainformacao\/wp-json\/wp\/v2\/pages\/99658"}],"collection":[{"href":"https:\/\/portal.uern.br\/acessoainformacao\/wp-json\/wp\/v2\/pages"}],"about":[{"href":"https:\/\/portal.uern.br\/acessoainformacao\/wp-json\/wp\/v2\/types\/page"}],"author":[{"embeddable":true,"href":"https:\/\/portal.uern.br\/acessoainformacao\/wp-json\/wp\/v2\/users\/1"}],"replies":[{"embeddable":true,"href":"https:\/\/portal.uern.br\/acessoainformacao\/wp-json\/wp\/v2\/comments?post=99658"}],"version-history":[{"count":1,"href":"https:\/\/portal.uern.br\/acessoainformacao\/wp-json\/wp\/v2\/pages\/99658\/revisions"}],"predecessor-version":[{"id":99659,"href":"https:\/\/portal.uern.br\/acessoainformacao\/wp-json\/wp\/v2\/pages\/99658\/revisions\/99659"}],"wp:attachment":[{"href":"https:\/\/portal.uern.br\/acessoainformacao\/wp-json\/wp\/v2\/media?parent=99658"}],"curies":[{"name":"wp","href":"https:\/\/api.w.org\/{rel}","templated":true}]}}