{"id":99637,"date":"2023-04-24T19:05:44","date_gmt":"2023-04-24T22:05:44","guid":{"rendered":"https:\/\/portal.uern.br\/acessoainformacao\/?page_id=99637"},"modified":"2026-01-26T08:44:06","modified_gmt":"2026-01-26T11:44:06","slug":"institucional","status":"publish","type":"page","link":"https:\/\/portal.uern.br\/acessoainformacao\/institucional\/","title":{"rendered":"Institucional"},"content":{"rendered":"<p><span style=\"font-weight: 400\">A Universidade do Estado do Rio Grande do Norte \u2013 Uern \u00e9 uma entidade estadual com autonomia did\u00e1tica-cient\u00edfica, administrativa, patrimonial e financeira. A Uern foi criada em 28 de setembro de 1968, pela Lei Municipal n\u00ba 20\/68 e posteriormente estadualizada pela Lei Estadual n\u00ba 5.546, em 8 de janeiro de 1987.<\/span><\/p>\n<p><span style=\"font-weight: 400\">A Uern possui campus em seis cidades e atua\u00e7\u00e3o em todo estado do Rio Grande do Norte. Seus seis campi est\u00e3o localizados nas cidades de Mossor\u00f3, Assu, Caic\u00f3, Natal, Patu e Pau dos Ferros, com a implementa\u00e7\u00e3o de novos cursos pela Diretoria de Educa\u00e7\u00e3o a Dist\u00e2ncia (DEaD), a institui\u00e7\u00e3o amplia sua atua\u00e7\u00e3o territorial com 15 polos de apoio presencial para os cursos que s\u00e3o ofertados a dist\u00e2ncia (Mossor\u00f3, Ass\u00fa, Cara\u00fabas, Grossos, Guamar\u00e9, Jo\u00e3o C\u00e2mara, Natal, Lu\u00eds Gomes, Patu, Marcelino Vieira, Apodi, Martins, S\u00e3o Gon\u00e7alo do Amarante, Currais Novos e Parnamirim).<\/span><\/p>\n<p>Informa\u00e7\u00f5es Institucionais:<\/p>\n<p><a href=\"http:\/\/portal.uern.br\/wp-content\/uploads\/2022\/09\/Organogramas.pdf\"><span style=\"font-weight: 400\">Organogramas da UERN<\/span><\/a><\/p>\n<p><a href=\"https:\/\/portal.uern.br\/gabinete\/gestao-universitaria\/\"><span style=\"font-weight: 400\">Equipe Gestora\u00a0<\/span><\/a><\/p>\n<p><a href=\"https:\/\/portal.uern.br\/wp-content\/uploads\/2025\/12\/UERN_Carta-de-servicos-2025_2.pdf\"><span style=\"font-weight: 400\">Carta de Servi\u00e7os<\/span><\/a><\/p>\n<p><a href=\"https:\/\/portal.uern.br\/contatos\/\"><span style=\"font-weight: 400\">Contatos<\/span><\/a><\/p>\n<p><a href=\"https:\/\/portal.uern.br\/jouern\/todas-as-edicoes\/\"><span style=\"font-weight: 400\">Atos Normativos<\/span><\/a><\/p>\n<p><a href=\"https:\/\/portal.uern.br\/perguntas-frequentes\/\"><span style=\"font-weight: 400\">Perguntas Frequentes<\/span><\/a><\/p>\n","protected":false},"excerpt":{"rendered":"<p>A Universidade do Estado do Rio Grande do Norte \u2013 Uern \u00e9 uma entidade estadual com autonomia did\u00e1tica-cient\u00edfica, administrativa, patrimonial e financeira. A Uern foi criada em 28 de setembro de 1968, pela Lei Municipal n\u00ba 20\/68 e posteriormente estadualizada pela Lei Estadual n\u00ba 5.546, em 8 de janeiro de 1987. A Uern possui campus [&hellip;]<\/p>\n","protected":false},"author":1,"featured_media":0,"parent":0,"menu_order":0,"comment_status":"closed","ping_status":"closed","template":"","meta":[],"_links":{"self":[{"href":"https:\/\/portal.uern.br\/acessoainformacao\/wp-json\/wp\/v2\/pages\/99637"}],"collection":[{"href":"https:\/\/portal.uern.br\/acessoainformacao\/wp-json\/wp\/v2\/pages"}],"about":[{"href":"https:\/\/portal.uern.br\/acessoainformacao\/wp-json\/wp\/v2\/types\/page"}],"author":[{"embeddable":true,"href":"https:\/\/portal.uern.br\/acessoainformacao\/wp-json\/wp\/v2\/users\/1"}],"replies":[{"embeddable":true,"href":"https:\/\/portal.uern.br\/acessoainformacao\/wp-json\/wp\/v2\/comments?post=99637"}],"version-history":[{"count":8,"href":"https:\/\/portal.uern.br\/acessoainformacao\/wp-json\/wp\/v2\/pages\/99637\/revisions"}],"predecessor-version":[{"id":100804,"href":"https:\/\/portal.uern.br\/acessoainformacao\/wp-json\/wp\/v2\/pages\/99637\/revisions\/100804"}],"wp:attachment":[{"href":"https:\/\/portal.uern.br\/acessoainformacao\/wp-json\/wp\/v2\/media?parent=99637"}],"curies":[{"name":"wp","href":"https:\/\/api.w.org\/{rel}","templated":true}]}}