{"id":100755,"date":"2025-05-16T15:38:13","date_gmt":"2025-05-16T18:38:13","guid":{"rendered":"https:\/\/portal.uern.br\/acessoainformacao\/?page_id=100755"},"modified":"2026-03-25T14:34:37","modified_gmt":"2026-03-25T17:34:37","slug":"progep","status":"publish","type":"page","link":"https:\/\/portal.uern.br\/acessoainformacao\/progep\/","title":{"rendered":"Pr\u00f3-Reitoria de Gest\u00e3o de Pessoas &#8211; PROGEP"},"content":{"rendered":"<p>Subordinada \u00e0 Reitoria, a Pr\u00f3-Reitoria de Gest\u00e3o de Pessoas \u2013 PROGEP \u00e9 um \u00f3rg\u00e3o de planejamento voltado para gest\u00e3o de pessoas no \u00e2mbito da Universidade do Estado do Rio Grande do Norte, e que visa a melhoria da qualidade de vida no trabalho dos servidores, bem como, a constru\u00e7\u00e3o cont\u00ednua de uma cultura organizacional, centrada em pol\u00edticas de desenvolvimento institucional, voltadas a gest\u00e3o de pessoas.<\/p>\n<p style=\"text-align: center\"><iframe style=\"border: 0\" src=\"https:\/\/lookerstudio.google.com\/embed\/reporting\/325e49ee-3000-431a-b8bc-b3c45a8bedc9\/page\/fIeKF\" width=\"align\" height=\"1700\" frameborder=\"0\" allowfullscreen=\"allowfullscreen\"><\/iframe><\/p>\n","protected":false},"excerpt":{"rendered":"<p>Subordinada \u00e0 Reitoria, a Pr\u00f3-Reitoria de Gest\u00e3o de Pessoas \u2013 PROGEP \u00e9 um \u00f3rg\u00e3o de planejamento voltado para gest\u00e3o de pessoas no \u00e2mbito da Universidade do Estado do Rio Grande do Norte, e que visa a melhoria da qualidade de vida no trabalho dos servidores, bem como, a constru\u00e7\u00e3o cont\u00ednua de uma cultura organizacional, centrada [&hellip;]<\/p>\n","protected":false},"author":45,"featured_media":0,"parent":0,"menu_order":0,"comment_status":"closed","ping_status":"closed","template":"","meta":[],"_links":{"self":[{"href":"https:\/\/portal.uern.br\/acessoainformacao\/wp-json\/wp\/v2\/pages\/100755"}],"collection":[{"href":"https:\/\/portal.uern.br\/acessoainformacao\/wp-json\/wp\/v2\/pages"}],"about":[{"href":"https:\/\/portal.uern.br\/acessoainformacao\/wp-json\/wp\/v2\/types\/page"}],"author":[{"embeddable":true,"href":"https:\/\/portal.uern.br\/acessoainformacao\/wp-json\/wp\/v2\/users\/45"}],"replies":[{"embeddable":true,"href":"https:\/\/portal.uern.br\/acessoainformacao\/wp-json\/wp\/v2\/comments?post=100755"}],"version-history":[{"count":6,"href":"https:\/\/portal.uern.br\/acessoainformacao\/wp-json\/wp\/v2\/pages\/100755\/revisions"}],"predecessor-version":[{"id":100832,"href":"https:\/\/portal.uern.br\/acessoainformacao\/wp-json\/wp\/v2\/pages\/100755\/revisions\/100832"}],"wp:attachment":[{"href":"https:\/\/portal.uern.br\/acessoainformacao\/wp-json\/wp\/v2\/media?parent=100755"}],"curies":[{"name":"wp","href":"https:\/\/api.w.org\/{rel}","templated":true}]}}