{"id":100717,"date":"2024-12-16T10:24:41","date_gmt":"2024-12-16T13:24:41","guid":{"rendered":"https:\/\/portal.uern.br\/acessoainformacao\/?page_id=100717"},"modified":"2024-12-16T10:29:31","modified_gmt":"2024-12-16T13:29:31","slug":"100717-2","status":"publish","type":"page","link":"https:\/\/portal.uern.br\/acessoainformacao\/100717-2\/","title":{"rendered":"Comit\u00ea de Aplica\u00e7\u00e3o do Modelo de Governan\u00e7a e Gest\u00e3o P\u00fablica"},"content":{"rendered":"<p>De acordo com a portaria, o Comit\u00ea de Aplica\u00e7\u00e3o (CAP) \u00e9 um \u00f3rg\u00e3o estabelecido para a implanta\u00e7\u00e3o do Modelo de Governan\u00e7a e Gest\u00e3o P\u00fablica nos \u00f3rg\u00e3os e entidades da Administra\u00e7\u00e3o P\u00fablica Estadual. Os integrantes atuam em \u00e1reas como alta gest\u00e3o, transpar\u00eancia e controle, planejamento estrat\u00e9gico, gest\u00e3o or\u00e7ament\u00e1ria e financeira, e fun\u00e7\u00f5es administrativas, garantindo a aplica\u00e7\u00e3o eficaz do Modelo de Governan\u00e7a e Gest\u00e3o P\u00fablica da Secretaria Especial de Desburocratiza\u00e7\u00e3o, Gest\u00e3o e Governo Digital, do Minist\u00e9rio da Economia.<\/p>\n<h2>Integrantes do Comit\u00ea de Aplica\u00e7\u00e3o:<\/h2>\n<p class=\"Texto_Justificado\"><strong>Patrocinadora<\/strong>: Cic\u00edlia Raquel Maia Leite, Reitora da UERN e Presidente da FUERN;<\/p>\n<p class=\"Texto_Justificado\"><strong>Presidente 1<\/strong>: Jessica Neiva de Figueiredo Leite Ara\u00fajo, Assessora de Governan\u00e7a e Transpar\u00eancia;<\/p>\n<p class=\"Texto_Justificado\"><b>Presidente 2<\/b>: Hugo Ferreira dos Santos, Escrit\u00f3rio de Processos;<\/p>\n<p class=\"Texto_Justificado\"><strong>Membro<\/strong>: Wendson de Medeiros, Avaliador Institucional;<\/p>\n<p class=\"Texto_Justificado\"><strong>Membro<\/strong>: Adonias Vidal de Medeiros J\u00fanior, Diretor de Planejamento;<\/p>\n<p class=\"Texto_Justificado\"><strong>Membro<\/strong>: Sephora Edite Nogueira do Couto Borges, Ouvidora da UERN.<\/p>\n<p>Documento oficial: Of\u00edcio n\u00ba 255\/2024\/UERN (<a id=\"lnkSei36388491\" class=\"ancora_sei\" href=\"https:\/\/sei.rn.gov.br\/sei\/controlador.php?acao=protocolo_visualizar&amp;id_protocolo=36388491&amp;id_procedimento_atual=36531880&amp;infra_sistema=100000100&amp;infra_unidade_atual=110007587&amp;infra_hash=7b8cc7d99ac56a7d755a8e95791fdc4d3c0c42ff365fbd661aeba798be09a74e99b7e240d757f0ce4e19d747aa78810a1a4ad6a0d9fe9c90ea6e286dab387316b5c4a4e725a5810298530c2576d99c5dba0bec02dfef00f778e36f146b96b34d\" target=\"_blank\" rel=\"noopener\">29034812<\/a>)<\/p>\n","protected":false},"excerpt":{"rendered":"<p>De acordo com a portaria, o Comit\u00ea de Aplica\u00e7\u00e3o (CAP) \u00e9 um \u00f3rg\u00e3o estabelecido para a implanta\u00e7\u00e3o do Modelo de Governan\u00e7a e Gest\u00e3o P\u00fablica nos \u00f3rg\u00e3os e entidades da Administra\u00e7\u00e3o P\u00fablica Estadual. Os integrantes atuam em \u00e1reas como alta gest\u00e3o, transpar\u00eancia e controle, planejamento estrat\u00e9gico, gest\u00e3o or\u00e7ament\u00e1ria e financeira, e fun\u00e7\u00f5es administrativas, garantindo a aplica\u00e7\u00e3o [&hellip;]<\/p>\n","protected":false},"author":45,"featured_media":0,"parent":0,"menu_order":0,"comment_status":"closed","ping_status":"closed","template":"","meta":[],"_links":{"self":[{"href":"https:\/\/portal.uern.br\/acessoainformacao\/wp-json\/wp\/v2\/pages\/100717"}],"collection":[{"href":"https:\/\/portal.uern.br\/acessoainformacao\/wp-json\/wp\/v2\/pages"}],"about":[{"href":"https:\/\/portal.uern.br\/acessoainformacao\/wp-json\/wp\/v2\/types\/page"}],"author":[{"embeddable":true,"href":"https:\/\/portal.uern.br\/acessoainformacao\/wp-json\/wp\/v2\/users\/45"}],"replies":[{"embeddable":true,"href":"https:\/\/portal.uern.br\/acessoainformacao\/wp-json\/wp\/v2\/comments?post=100717"}],"version-history":[{"count":5,"href":"https:\/\/portal.uern.br\/acessoainformacao\/wp-json\/wp\/v2\/pages\/100717\/revisions"}],"predecessor-version":[{"id":100723,"href":"https:\/\/portal.uern.br\/acessoainformacao\/wp-json\/wp\/v2\/pages\/100717\/revisions\/100723"}],"wp:attachment":[{"href":"https:\/\/portal.uern.br\/acessoainformacao\/wp-json\/wp\/v2\/media?parent=100717"}],"curies":[{"name":"wp","href":"https:\/\/api.w.org\/{rel}","templated":true}]}}