{"id":724,"date":"2023-03-22T10:57:28","date_gmt":"2023-03-22T13:57:28","guid":{"rendered":"https:\/\/portal.uern.br\/aai\/?page_id=724"},"modified":"2023-05-11T13:56:52","modified_gmt":"2023-05-11T16:56:52","slug":"ii-semanario-de-avaliacao-institucional","status":"publish","type":"page","link":"https:\/\/portal.uern.br\/aai\/ii-semanario-de-avaliacao-institucional\/","title":{"rendered":"II Seman\u00e1rio de Avalia\u00e7\u00e3o Institucional"},"content":{"rendered":"<p><img fetchpriority=\"high\" decoding=\"async\" class=\"\" src=\"https:\/\/images.even3.com.br\/ZW_vakwCN_GDOGWl2CrbIr5cAwk=\/1100x440\/smart\/even3.blob.core.windows.net\/banner\/WhatsAppImage2023-03-02at10.54.19.b4f87f1b1eb44ed5aa33.jpeg\" alt=\"II SEMAN\u00c1RIO DE AVALIA\u00c7\u00c3O INSTITUCIONAL\" width=\"1400\" height=\"560\" \/><\/p>\n<p>&nbsp;<\/p>\n<div class=\"text-center\">\n<h3 class=\"with-subtitle\">II Seman\u00e1rio de Avalia\u00e7\u00e3o Institucional<\/h3>\n<p class=\"subtitle\">\n<\/div>\n<article>\n<p class=\"Texto_Justificado_Recuo_Primeira_Linha\" dir=\"ltr\" style=\"text-align: justify\">A Comiss\u00e3o Pr\u00f3pria de Avalia\u00e7\u00e3o (CPA), em parceria com a Assessoria de Avalia\u00e7\u00e3o Institucional, promover\u00e1 o II Seman\u00e1rio de Avalia\u00e7\u00e3o Institucional da UERN. O Evento ocorrer\u00e1 em formato h\u00edbrido e contar\u00e1 com palestras, mesas redondas, oficinas e reuni\u00f5es de trabalho que permitir\u00e3o aos participantes conhecer, debater e analisar o processo de avalia\u00e7\u00e3o institucional desenvolvido no \u00e2mbito da UERN.<\/p>\n<p class=\"Texto_Justificado_Recuo_Primeira_Linha\" dir=\"ltr\" style=\"text-align: justify\">O evento contar\u00e1 com a participa\u00e7\u00e3o de convidados externos, como\u00a0o presidente do Conselho Estadual de Educa\u00e7\u00e3o do Rio Grande do Norte, Prof. Dr. A\u00e9cio C\u00e2ndido de Sousa, a profa. Dra.\u00a0T\u00e2nia Maria Hetkowski, Pr\u00f3-reitora de P\u00f3s-gradua\u00e7\u00e3o da UNEB, e o Dr. Marcelo Phaiffer, respons\u00e1vel pela Avalia\u00e7\u00e3o Institucional da Unicamp, todos com ampla experi\u00eancia em avalia\u00e7\u00e3o institucional, o que proporcionar\u00e1 um riqu\u00edssimo momento de aprendizagem e reflex\u00e3o.<\/p>\n<p class=\"Texto_Justificado_Recuo_Primeira_Linha\" dir=\"ltr\" style=\"text-align: justify\">O Seman\u00e1rio de Avalia\u00e7\u00e3o Institucional tem como objetivo promover um amplo debate sobre os processos de avalia\u00e7\u00e3o internos (autoavalia\u00e7\u00e3o) e externos, desenvolvidos no \u00e2mbito desta institui\u00e7\u00e3o de ensino superior, no intuito de apresentar \u00e0 comunidade acad\u00eamica seus fluxos e sua import\u00e2ncia para o aperfei\u00e7oamento das pol\u00edticas de gest\u00e3o, autoavalia\u00e7\u00e3o, ensino, pesquisa e inova\u00e7\u00e3o e\u00a0extens\u00e3o, com foco nos\u00a0principais eixos\u00a0da avalia\u00e7\u00e3o do ensino superior regulamentados no \u00e2mbito do Conselho Estadual de Educa\u00e7\u00e3o e do Sistema Nacional de Avalia\u00e7\u00e3o da Educa\u00e7\u00e3o Superior &#8211; SINAES e no Plano de Desenvolvimento Institucional. Destarte, o evento prima pelo fomento \u00e0 cultura da avalia\u00e7\u00e3o e do planejamento, a partir da socializa\u00e7\u00e3o do conhecimento sobre a tem\u00e1tica, bem como do refor\u00e7o da cultura de corresponsabiliza\u00e7\u00e3o dos atores envolvidos no processo.<\/p>\n<p class=\"Texto_Justificado_Recuo_Primeira_Linha\" dir=\"ltr\" style=\"text-align: justify\">O evento foi pensado para envolver toda a comunidade acad\u00eamica\u00a0(Pr\u00f3-reitorias, Diretorias, departamentos, NDEs, Coses, docentes, t\u00e9cnicos e estudantes)\u00a0 possibilitando socializa\u00e7\u00e3o, apresenta\u00e7\u00e3o e discuss\u00e3o sobre os trabalhos de coleta e tratamento dos dados da avalia\u00e7\u00e3o nos respectivos segmentos. Dessa forma, ser\u00e1 poss\u00edvel compreender o processo de avalia\u00e7\u00e3o de forma completa, proporcionando uma autoan\u00e1lise cr\u00edtica, com foco na melhoria cont\u00ednua e fortalecimento da cultura da avalia\u00e7\u00e3o no \u00e2mbito da UERN.<\/p>\n<\/article>\n<p dir=\"ltr\"><strong>\u00a0 \u00a0 \u00a0 \u00a0 \u00a0 \u00a0 \u00a0 \u00a0 \u00a0 \u00a0 \u00a0 \u00a0 \u00a0 \u00a0 \u00a0 \u00a0 \u00a0 \u00a0 \u00a0 \u00a0 \u00a0 \u00a0 \u00a0 \u00a0 \u00a0 \u00a0 \u00a0 \u00a0 \u00a0 \u00a0 \u00a0 \u00a0 \u00a0 \u00a0 \u00a0 \u00a0 \u00a0 \u00a0 \u00a0 \u00a0 \u00a0 \u00a0 \u00a0 \u00a0 \u00a0 \u00a0 \u00a0 \u00a0 \u00a0 \u00a0 \u00a0 \u00a0 \u00a0 \u00a0 \u00a0 <\/strong><\/p>\n<p dir=\"ltr\" style=\"text-align: center\"><strong>\u00a0 PROGRAMA\u00c7\u00c3O<\/strong><\/p>\n<p dir=\"ltr\" style=\"text-align: center\">INSCRI\u00c7\u00d5ES:\u00a0<a href=\"https:\/\/www.even3.com.br\/ii-semanario-de-avaliacao-institucional-317182\/\">https:\/\/www.even3.com.br\/ii-semanario-de-avaliacao-institucional-317182\/<\/a><\/p>\n<p>&nbsp;<\/p>\n<p style=\"text-align: center\"><strong>Primeiro dia &#8211; Dia 06\/03<\/strong><\/p>\n<p dir=\"ltr\" style=\"text-align: center\"><img decoding=\"async\" class=\"alignnone size-medium wp-image-727\" src=\"https:\/\/portal.uern.br\/aai\/wp-content\/uploads\/sites\/4\/2023\/03\/II-Semanario-de-Avaliacao-Institucional-em-2023_post-dia-06-de-marco-300x300.png\" alt=\"\" width=\"300\" height=\"300\" srcset=\"https:\/\/portal.uern.br\/aai\/wp-content\/uploads\/sites\/4\/2023\/03\/II-Semanario-de-Avaliacao-Institucional-em-2023_post-dia-06-de-marco-300x300.png 300w, https:\/\/portal.uern.br\/aai\/wp-content\/uploads\/sites\/4\/2023\/03\/II-Semanario-de-Avaliacao-Institucional-em-2023_post-dia-06-de-marco-1024x1024.png 1024w, https:\/\/portal.uern.br\/aai\/wp-content\/uploads\/sites\/4\/2023\/03\/II-Semanario-de-Avaliacao-Institucional-em-2023_post-dia-06-de-marco-150x150.png 150w, https:\/\/portal.uern.br\/aai\/wp-content\/uploads\/sites\/4\/2023\/03\/II-Semanario-de-Avaliacao-Institucional-em-2023_post-dia-06-de-marco-768x768.png 768w, https:\/\/portal.uern.br\/aai\/wp-content\/uploads\/sites\/4\/2023\/03\/II-Semanario-de-Avaliacao-Institucional-em-2023_post-dia-06-de-marco.png 1080w\" sizes=\"(max-width: 300px) 100vw, 300px\" \/><\/p>\n<p dir=\"ltr\" style=\"text-align: center\">Link de acesso a palestra no Youtube:\u00a0<a href=\"https:\/\/www.youtube.com\/watch?v=s2Juw8RT0nU\">https:\/\/www.youtube.com\/watch?v=s2Juw8RT0nU<\/a><\/p>\n<p dir=\"ltr\" style=\"text-align: center\"><strong>Segundo dia &#8211; Dia 07\/03<\/strong><\/p>\n<p dir=\"ltr\" style=\"text-align: center\"><img decoding=\"async\" class=\"alignnone size-medium wp-image-728\" src=\"https:\/\/portal.uern.br\/aai\/wp-content\/uploads\/sites\/4\/2023\/03\/II-Semanario-de-Avaliacao-Institucional-em-2023_post-dia-07-de-marco-300x300.png\" alt=\"\" width=\"300\" height=\"300\" srcset=\"https:\/\/portal.uern.br\/aai\/wp-content\/uploads\/sites\/4\/2023\/03\/II-Semanario-de-Avaliacao-Institucional-em-2023_post-dia-07-de-marco-300x300.png 300w, https:\/\/portal.uern.br\/aai\/wp-content\/uploads\/sites\/4\/2023\/03\/II-Semanario-de-Avaliacao-Institucional-em-2023_post-dia-07-de-marco-1024x1024.png 1024w, https:\/\/portal.uern.br\/aai\/wp-content\/uploads\/sites\/4\/2023\/03\/II-Semanario-de-Avaliacao-Institucional-em-2023_post-dia-07-de-marco-150x150.png 150w, https:\/\/portal.uern.br\/aai\/wp-content\/uploads\/sites\/4\/2023\/03\/II-Semanario-de-Avaliacao-Institucional-em-2023_post-dia-07-de-marco-768x768.png 768w, https:\/\/portal.uern.br\/aai\/wp-content\/uploads\/sites\/4\/2023\/03\/II-Semanario-de-Avaliacao-Institucional-em-2023_post-dia-07-de-marco.png 1080w\" sizes=\"(max-width: 300px) 100vw, 300px\" \/><\/p>\n<p dir=\"ltr\" style=\"text-align: center\"><strong>Terceiro dia &#8211; Dia 14\/03 &#8211; Manh\u00e3<\/strong><\/p>\n<p dir=\"ltr\" style=\"text-align: center\"><img loading=\"lazy\" decoding=\"async\" class=\"alignnone size-medium wp-image-729\" src=\"https:\/\/portal.uern.br\/aai\/wp-content\/uploads\/sites\/4\/2023\/03\/II-Semanario-de-Avaliacao-Institucional-em-2023_post-dia-14-de-marco-tarde-1-300x300.png\" alt=\"\" width=\"300\" height=\"300\" srcset=\"https:\/\/portal.uern.br\/aai\/wp-content\/uploads\/sites\/4\/2023\/03\/II-Semanario-de-Avaliacao-Institucional-em-2023_post-dia-14-de-marco-tarde-1-300x300.png 300w, https:\/\/portal.uern.br\/aai\/wp-content\/uploads\/sites\/4\/2023\/03\/II-Semanario-de-Avaliacao-Institucional-em-2023_post-dia-14-de-marco-tarde-1-1024x1024.png 1024w, https:\/\/portal.uern.br\/aai\/wp-content\/uploads\/sites\/4\/2023\/03\/II-Semanario-de-Avaliacao-Institucional-em-2023_post-dia-14-de-marco-tarde-1-150x150.png 150w, https:\/\/portal.uern.br\/aai\/wp-content\/uploads\/sites\/4\/2023\/03\/II-Semanario-de-Avaliacao-Institucional-em-2023_post-dia-14-de-marco-tarde-1-768x768.png 768w, https:\/\/portal.uern.br\/aai\/wp-content\/uploads\/sites\/4\/2023\/03\/II-Semanario-de-Avaliacao-Institucional-em-2023_post-dia-14-de-marco-tarde-1.png 1080w\" sizes=\"(max-width: 300px) 100vw, 300px\" \/><\/p>\n<p dir=\"ltr\" style=\"text-align: center\">Link de acesso \u00e0 grava\u00e7\u00e3o do evento:\u00a0<a href=\"https:\/\/drive.google.com\/file\/d\/1G-tZ4a_AZeFYW9OIvvsFskEI0eyZN_ye\/view?usp=share_link\">https:\/\/drive.google.com\/file\/d\/1G-tZ4a_AZeFYW9OIvvsFskEI0eyZN_ye\/view?usp=share_link<\/a><\/p>\n<p dir=\"ltr\" style=\"text-align: center\">Link de acesso aos slides de apresenta\u00e7\u00e3o:\u00a0<a href=\"https:\/\/docs.google.com\/presentation\/d\/14U8YHdyexzJDhLvSH3iOYCOwR2Cv0TVz\/edit?usp=share_link&amp;ouid=115488754771913442096&amp;rtpof=true&amp;sd=true\">https:\/\/docs.google.com\/presentation\/d\/14U8YHdyexzJDhLvSH3iOYCOwR2Cv0TVz\/edit?usp=share_link&amp;ouid=115488754771913442096&amp;rtpof=true&amp;sd=true<\/a><\/p>\n<p dir=\"ltr\" style=\"text-align: center\"><strong>Terceiro dia &#8211; Dia 14\/03 &#8211; Noite<\/strong><\/p>\n<p dir=\"ltr\" style=\"text-align: center\"><img loading=\"lazy\" decoding=\"async\" class=\"alignnone size-medium wp-image-731\" src=\"https:\/\/portal.uern.br\/aai\/wp-content\/uploads\/sites\/4\/2023\/03\/II-Semanario-de-Avaliacao-Institucional-em-2023_post-dia-14-de-marco-noite-1-1-1-300x300.png\" alt=\"\" width=\"300\" height=\"300\" srcset=\"https:\/\/portal.uern.br\/aai\/wp-content\/uploads\/sites\/4\/2023\/03\/II-Semanario-de-Avaliacao-Institucional-em-2023_post-dia-14-de-marco-noite-1-1-1-300x300.png 300w, https:\/\/portal.uern.br\/aai\/wp-content\/uploads\/sites\/4\/2023\/03\/II-Semanario-de-Avaliacao-Institucional-em-2023_post-dia-14-de-marco-noite-1-1-1-1024x1024.png 1024w, https:\/\/portal.uern.br\/aai\/wp-content\/uploads\/sites\/4\/2023\/03\/II-Semanario-de-Avaliacao-Institucional-em-2023_post-dia-14-de-marco-noite-1-1-1-150x150.png 150w, https:\/\/portal.uern.br\/aai\/wp-content\/uploads\/sites\/4\/2023\/03\/II-Semanario-de-Avaliacao-Institucional-em-2023_post-dia-14-de-marco-noite-1-1-1-768x768.png 768w, https:\/\/portal.uern.br\/aai\/wp-content\/uploads\/sites\/4\/2023\/03\/II-Semanario-de-Avaliacao-Institucional-em-2023_post-dia-14-de-marco-noite-1-1-1.png 1080w\" sizes=\"(max-width: 300px) 100vw, 300px\" \/><\/p>\n<p dir=\"ltr\" style=\"text-align: center\">Link de acesso \u00e0 grava\u00e7\u00e3o do evento:\u00a0<a href=\"https:\/\/drive.google.com\/file\/d\/1V3wjdbZbU7tyKHfEKUOAfx6QdyOu6zeC\/view?usp=share_link\">https:\/\/drive.google.com\/file\/d\/1V3wjdbZbU7tyKHfEKUOAfx6QdyOu6zeC\/view?usp=share_link<\/a><\/p>\n<p dir=\"ltr\" style=\"text-align: center\">Link de acesso aos slides de apresenta\u00e7\u00e3o:\u00a0<a href=\"https:\/\/docs.google.com\/presentation\/d\/1OijJXjelVDo67n_1_jwEnWeiJEMM6PlCNC1283UP1Yw\/edit?usp=share_link\">https:\/\/docs.google.com\/presentation\/d\/1OijJXjelVDo67n_1_jwEnWeiJEMM6PlCNC1283UP1Yw\/edit?usp=share_link<\/a><\/p>\n<p dir=\"ltr\" style=\"text-align: center\"><a href=\"https:\/\/docs.google.com\/presentation\/d\/1_KNRpieTI2jUXtK0gcM7s9nMOAdeSx_h\/edit?usp=share_link&amp;ouid=115488754771913442096&amp;rtpof=true&amp;sd=true\">https:\/\/docs.google.com\/presentation\/d\/1_KNRpieTI2jUXtK0gcM7s9nMOAdeSx_h\/edit?usp=share_link&amp;ouid=115488754771913442096&amp;rtpof=true&amp;sd=true<\/a><\/p>\n<p dir=\"ltr\" style=\"text-align: center\"><a href=\"https:\/\/docs.google.com\/presentation\/d\/14diR1_gQdSXwzwffj_Syhlb7HNTAm9cB\/edit?usp=share_link&amp;ouid=115488754771913442096&amp;rtpof=true&amp;sd=true\">https:\/\/docs.google.com\/presentation\/d\/14diR1_gQdSXwzwffj_Syhlb7HNTAm9cB\/edit?usp=share_link&amp;ouid=115488754771913442096&amp;rtpof=true&amp;sd=true<\/a><\/p>\n<p dir=\"ltr\" style=\"text-align: center\"><strong>Quarto dia &#8211; 22\/03\/2023 &#8211; Manh\u00e3<\/strong><\/p>\n<p dir=\"ltr\" style=\"text-align: center\"><img loading=\"lazy\" decoding=\"async\" class=\"alignnone size-medium wp-image-732\" src=\"https:\/\/portal.uern.br\/aai\/wp-content\/uploads\/sites\/4\/2023\/03\/II-Semanario-de-Avaliacao-Institucional-em-2023_post-dia-22-de-marco-manha-1-1-300x300.png\" alt=\"\" width=\"300\" height=\"300\" srcset=\"https:\/\/portal.uern.br\/aai\/wp-content\/uploads\/sites\/4\/2023\/03\/II-Semanario-de-Avaliacao-Institucional-em-2023_post-dia-22-de-marco-manha-1-1-300x300.png 300w, https:\/\/portal.uern.br\/aai\/wp-content\/uploads\/sites\/4\/2023\/03\/II-Semanario-de-Avaliacao-Institucional-em-2023_post-dia-22-de-marco-manha-1-1-1024x1024.png 1024w, https:\/\/portal.uern.br\/aai\/wp-content\/uploads\/sites\/4\/2023\/03\/II-Semanario-de-Avaliacao-Institucional-em-2023_post-dia-22-de-marco-manha-1-1-150x150.png 150w, https:\/\/portal.uern.br\/aai\/wp-content\/uploads\/sites\/4\/2023\/03\/II-Semanario-de-Avaliacao-Institucional-em-2023_post-dia-22-de-marco-manha-1-1-768x768.png 768w, https:\/\/portal.uern.br\/aai\/wp-content\/uploads\/sites\/4\/2023\/03\/II-Semanario-de-Avaliacao-Institucional-em-2023_post-dia-22-de-marco-manha-1-1.png 1080w\" sizes=\"(max-width: 300px) 100vw, 300px\" \/><\/p>\n<p dir=\"ltr\" style=\"text-align: center\">Link de acesso \u00e0 grava\u00e7\u00e3o do evento:\u00a0<a href=\"https:\/\/drive.google.com\/file\/d\/19IFM0zPhLz3aRhh-YnnDnHVPyzQVBJUk\/view?usp=share_link\">https:\/\/drive.google.com\/file\/d\/19IFM0zPhLz3aRhh-YnnDnHVPyzQVBJUk\/view?usp=share_link<\/a><\/p>\n<p dir=\"ltr\" style=\"text-align: center\">Link de acesso aos slides de apresenta\u00e7\u00e3o:\u00a0<a href=\"https:\/\/drive.google.com\/file\/d\/14dYnYcA4zHBCtLx1pDHtcNUf5kppbXWX\/view?usp=share_link\">https:\/\/drive.google.com\/file\/d\/14dYnYcA4zHBCtLx1pDHtcNUf5kppbXWX\/view?usp=share_link<\/a><\/p>\n<p dir=\"ltr\" style=\"text-align: center\"><strong>Quarto dia &#8211; 22\/03\/2023 &#8211; tarde:<\/strong><\/p>\n<p dir=\"ltr\" style=\"text-align: center\"><img loading=\"lazy\" decoding=\"async\" class=\"alignnone size-medium wp-image-733\" src=\"https:\/\/portal.uern.br\/aai\/wp-content\/uploads\/sites\/4\/2023\/03\/II-Semanario-de-Avaliacao-Institucional-em-2023_post-dia-22-de-marco-tarde-1-300x300.png\" alt=\"\" width=\"300\" height=\"300\" srcset=\"https:\/\/portal.uern.br\/aai\/wp-content\/uploads\/sites\/4\/2023\/03\/II-Semanario-de-Avaliacao-Institucional-em-2023_post-dia-22-de-marco-tarde-1-300x300.png 300w, https:\/\/portal.uern.br\/aai\/wp-content\/uploads\/sites\/4\/2023\/03\/II-Semanario-de-Avaliacao-Institucional-em-2023_post-dia-22-de-marco-tarde-1-1024x1024.png 1024w, https:\/\/portal.uern.br\/aai\/wp-content\/uploads\/sites\/4\/2023\/03\/II-Semanario-de-Avaliacao-Institucional-em-2023_post-dia-22-de-marco-tarde-1-150x150.png 150w, https:\/\/portal.uern.br\/aai\/wp-content\/uploads\/sites\/4\/2023\/03\/II-Semanario-de-Avaliacao-Institucional-em-2023_post-dia-22-de-marco-tarde-1-768x768.png 768w, https:\/\/portal.uern.br\/aai\/wp-content\/uploads\/sites\/4\/2023\/03\/II-Semanario-de-Avaliacao-Institucional-em-2023_post-dia-22-de-marco-tarde-1.png 1080w\" sizes=\"(max-width: 300px) 100vw, 300px\" \/><\/p>\n<p dir=\"ltr\" style=\"text-align: center\">Link da Grava\u00e7\u00e3o:\u00a0<a href=\"https:\/\/drive.google.com\/file\/d\/135oPwuP9xotP6rJPZlfJ5MbTFK4PMpMG\/view?usp=sharing\">https:\/\/drive.google.com\/file\/d\/135oPwuP9xotP6rJPZlfJ5MbTFK4PMpMG\/view?usp=sharing<\/a><\/p>\n<p dir=\"ltr\" style=\"text-align: center\">\n<p dir=\"ltr\" style=\"text-align: center\"><strong>Quinto dia &#8211; 30\/03\/2023 &#8211; noite\u00a0<\/strong><\/p>\n<p dir=\"ltr\" style=\"text-align: center\"><img loading=\"lazy\" decoding=\"async\" class=\"alignnone size-medium wp-image-735\" src=\"https:\/\/portal.uern.br\/aai\/wp-content\/uploads\/sites\/4\/2023\/03\/II-Semanario-de-Avaliacao-Institucional-em-2023_post-dia-30-de-marco-noite-300x300.png\" alt=\"\" width=\"300\" height=\"300\" srcset=\"https:\/\/portal.uern.br\/aai\/wp-content\/uploads\/sites\/4\/2023\/03\/II-Semanario-de-Avaliacao-Institucional-em-2023_post-dia-30-de-marco-noite-300x300.png 300w, https:\/\/portal.uern.br\/aai\/wp-content\/uploads\/sites\/4\/2023\/03\/II-Semanario-de-Avaliacao-Institucional-em-2023_post-dia-30-de-marco-noite-1024x1024.png 1024w, https:\/\/portal.uern.br\/aai\/wp-content\/uploads\/sites\/4\/2023\/03\/II-Semanario-de-Avaliacao-Institucional-em-2023_post-dia-30-de-marco-noite-150x150.png 150w, https:\/\/portal.uern.br\/aai\/wp-content\/uploads\/sites\/4\/2023\/03\/II-Semanario-de-Avaliacao-Institucional-em-2023_post-dia-30-de-marco-noite-768x768.png 768w, https:\/\/portal.uern.br\/aai\/wp-content\/uploads\/sites\/4\/2023\/03\/II-Semanario-de-Avaliacao-Institucional-em-2023_post-dia-30-de-marco-noite.png 1080w\" sizes=\"(max-width: 300px) 100vw, 300px\" \/><\/p>\n<p dir=\"ltr\" style=\"text-align: center\">\u00a0 \u00a0 \u00a0 \u00a0 \u00a0 \u00a0 \u00a0 \u00a0 \u00a0 \u00a0 \u00a0 \u00a0Link:\u00a0<a href=\"https:\/\/www.youtube.com\/watch?v=dpcAWZDOv4Y\">https:\/\/www.youtube.com\/watch?v=dpcAWZDOv4Y<\/a><\/p>\n<p dir=\"ltr\" style=\"text-align: center\">\n","protected":false},"excerpt":{"rendered":"<p>&nbsp; II Seman\u00e1rio de Avalia\u00e7\u00e3o Institucional A Comiss\u00e3o Pr\u00f3pria de Avalia\u00e7\u00e3o (CPA), em parceria com a Assessoria de Avalia\u00e7\u00e3o Institucional, promover\u00e1 o II Seman\u00e1rio de Avalia\u00e7\u00e3o Institucional da UERN. O Evento ocorrer\u00e1 em formato h\u00edbrido e contar\u00e1 com palestras, mesas redondas, oficinas e reuni\u00f5es de trabalho que permitir\u00e3o aos participantes conhecer, debater e analisar o [&hellip;]<\/p>\n","protected":false},"author":32,"featured_media":0,"parent":0,"menu_order":0,"comment_status":"closed","ping_status":"closed","template":"","meta":[],"_links":{"self":[{"href":"https:\/\/portal.uern.br\/aai\/wp-json\/wp\/v2\/pages\/724"}],"collection":[{"href":"https:\/\/portal.uern.br\/aai\/wp-json\/wp\/v2\/pages"}],"about":[{"href":"https:\/\/portal.uern.br\/aai\/wp-json\/wp\/v2\/types\/page"}],"author":[{"embeddable":true,"href":"https:\/\/portal.uern.br\/aai\/wp-json\/wp\/v2\/users\/32"}],"replies":[{"embeddable":true,"href":"https:\/\/portal.uern.br\/aai\/wp-json\/wp\/v2\/comments?post=724"}],"version-history":[{"count":11,"href":"https:\/\/portal.uern.br\/aai\/wp-json\/wp\/v2\/pages\/724\/revisions"}],"predecessor-version":[{"id":873,"href":"https:\/\/portal.uern.br\/aai\/wp-json\/wp\/v2\/pages\/724\/revisions\/873"}],"wp:attachment":[{"href":"https:\/\/portal.uern.br\/aai\/wp-json\/wp\/v2\/media?parent=724"}],"curies":[{"name":"wp","href":"https:\/\/api.w.org\/{rel}","templated":true}]}}