{"id":5,"date":"2022-10-19T14:40:10","date_gmt":"2022-10-19T17:40:10","guid":{"rendered":"https:\/\/paisdemossoro.com.br\/wordpress\/aai\/?page_id=5"},"modified":"2023-04-11T12:56:29","modified_gmt":"2023-04-11T15:56:29","slug":"apresentacao","status":"publish","type":"page","link":"https:\/\/portal.uern.br\/aai\/","title":{"rendered":"Apresenta\u00e7\u00e3o"},"content":{"rendered":"<p>A Avalia\u00e7\u00e3o Institucional se d\u00e1 atrav\u00e9s de\u00a0<strong>Autoavalia\u00e7\u00e3o,\u00a0<\/strong>entendida como<strong>\u00a0<\/strong>processo de autoconhecimento conduzido pela Comiss\u00e3o Pr\u00f3pria de Avalia\u00e7\u00e3o (CPA), tendo por finalidade fomentar a cultura de avalia\u00e7\u00e3o institucional e subsidiar os processos de\u00a0<strong>Avalia\u00e7\u00e3o Externa (Conselho Estadual de Educa\u00e7\u00e3o \u2013 CEE; Enade \u2013 INEP\/MEC).<\/strong> Tem um papel central e articulador entre as atividades fins (ensino, pesquisa e extens\u00e3o) e as atividades meios (planejamento, recursos humanos e administra\u00e7\u00e3o) no sentido de diagnosticar, analisar e sinalizar procedimentos necess\u00e1rios para valorar os aspectos considerados eficientes e melhorar os aspectos que ainda n\u00e3o alcan\u00e7aram os resultados desejados. \u00c9 um processo permanente de avalia\u00e7\u00e3o e aperfei\u00e7oamento do PDI\/Uern, constituindo-se em um dispositivo para acompanhamento e avalia\u00e7\u00e3o da gest\u00e3o.<\/p>\n<p>O processo de avalia\u00e7\u00e3o da forma\u00e7\u00e3o acad\u00eamica se d\u00e1 por meio de disponibiliza\u00e7\u00e3o de question\u00e1rios online para serem respondidos em cada semestre pelo corpo docente e discente da institui\u00e7\u00e3o, no que diz respeito \u00e0s dimens\u00f5es Did\u00e1tico &#8211; Pedag\u00f3gica e Infraestrutura.<\/p>\n<p>A avalia\u00e7\u00e3o consiste em pot\u00eancia qualificadora da forma\u00e7\u00e3o e da gest\u00e3o, quando seus resultados retroalimentam as discuss\u00f5es pedag\u00f3gicas junto aos N\u00facleos Docentes Estruturantes e Departamentos ou Unidades Acad\u00eamicas dos diferentes cursos, trazendo \u00e0 tona as demandas de forma\u00e7\u00e3o continuada, as necessidades formativas e metodol\u00f3gicas dos alunos e as demandas de infraestrutura necess\u00e1rias ao bom funcionamento dos cursos.<\/p>\n<p>A avalia\u00e7\u00e3o institucional na Uern j\u00e1 tem anos de hist\u00f3ria. Iniciada em 1996, apresenta uma trajet\u00f3ria de muitas conquistas, mas, como todo processo, precisamos aperfei\u00e7oar e avan\u00e7ar. No entanto, o trabalho cuidadoso, implicado e competente da Comiss\u00e3o Pr\u00f3pria de Avalia\u00e7\u00e3o &#8211; CPA e das Comiss\u00f5es Setoriais de Avalia\u00e7\u00e3o \u2013 Coses \u00e9 indispens\u00e1vel para alcan\u00e7armos uma avalia\u00e7\u00e3o consistente e retroalimentadora do que somos e fazemos na institui\u00e7\u00e3o.<\/p>\n<p>\u00c9 com esse fazer desejante que precisamos somar \u00e0 avalia\u00e7\u00e3o institucional para buscarmos uma institui\u00e7\u00e3o cada vez mais forte acad\u00eamica e socialmente.<\/p>\n<p><strong>\u00a0<\/strong><\/p>\n<p><strong>OBJETIVO:<\/strong><\/p>\n<ul>\n<li>\u00a0Promover a autoavalia\u00e7\u00e3o e a visibilidade de todos os segmentos da Uern, tendo em vista a melhoria e o alcance dos objetivos institucionais.<\/li>\n<\/ul>\n<p>&nbsp;<\/p>\n<p>&nbsp;<\/p>\n<p><strong>EQUIPE:<\/strong><\/p>\n<p><strong>Prof. Dr. Wendson Dantas de Ara\u00fajo Medeiros<\/strong><br \/>\nAssessor de Avalia\u00e7\u00e3o Institucional<\/p>\n<p><strong>TNS Esp. Larissa Batista Barra<\/strong><br \/>\nSecret\u00e1ria<\/p>\n<p><strong>Profa. Dra. Maria Irany Knackfuss<\/strong><br \/>\nChefe do Setor de Acompanhamento<\/p>\n<p><strong>Profa. Dra. Ceres Germana Braga Morais<\/strong><br \/>\nChefe do Setor de Apoio \u00e0 Pesquisa<\/p>\n<p><strong>TNS Ma. Ana Cl\u00e1udia de Medeiros<\/strong><br \/>\nAssistente Administrativa<\/p>\n<p>&nbsp;<\/p>\n<p>&nbsp;<\/p>\n<p>&nbsp;<\/p>\n<p>&nbsp;<\/p>\n<p>&nbsp;<\/p>\n<p>&nbsp;<\/p>\n<p>&nbsp;<\/p>\n<p>&nbsp;<\/p>\n","protected":false},"excerpt":{"rendered":"<p>A Avalia\u00e7\u00e3o Institucional se d\u00e1 atrav\u00e9s de\u00a0Autoavalia\u00e7\u00e3o,\u00a0entendida como\u00a0processo de autoconhecimento conduzido pela Comiss\u00e3o Pr\u00f3pria de Avalia\u00e7\u00e3o (CPA), tendo por finalidade fomentar a cultura de avalia\u00e7\u00e3o institucional e subsidiar os processos de\u00a0Avalia\u00e7\u00e3o Externa (Conselho Estadual de Educa\u00e7\u00e3o \u2013 CEE; Enade \u2013 INEP\/MEC). Tem um papel central e articulador entre as atividades fins (ensino, pesquisa e extens\u00e3o) [&hellip;]<\/p>\n","protected":false},"author":1,"featured_media":0,"parent":0,"menu_order":0,"comment_status":"closed","ping_status":"closed","template":"","meta":[],"_links":{"self":[{"href":"https:\/\/portal.uern.br\/aai\/wp-json\/wp\/v2\/pages\/5"}],"collection":[{"href":"https:\/\/portal.uern.br\/aai\/wp-json\/wp\/v2\/pages"}],"about":[{"href":"https:\/\/portal.uern.br\/aai\/wp-json\/wp\/v2\/types\/page"}],"author":[{"embeddable":true,"href":"https:\/\/portal.uern.br\/aai\/wp-json\/wp\/v2\/users\/1"}],"replies":[{"embeddable":true,"href":"https:\/\/portal.uern.br\/aai\/wp-json\/wp\/v2\/comments?post=5"}],"version-history":[{"count":11,"href":"https:\/\/portal.uern.br\/aai\/wp-json\/wp\/v2\/pages\/5\/revisions"}],"predecessor-version":[{"id":836,"href":"https:\/\/portal.uern.br\/aai\/wp-json\/wp\/v2\/pages\/5\/revisions\/836"}],"wp:attachment":[{"href":"https:\/\/portal.uern.br\/aai\/wp-json\/wp\/v2\/media?parent=5"}],"curies":[{"name":"wp","href":"https:\/\/api.w.org\/{rel}","templated":true}]}}