{"id":457,"date":"2023-02-06T21:27:22","date_gmt":"2023-02-07T00:27:22","guid":{"rendered":"http:\/\/beta.apps.uern.br\/wordpress\/aai\/?page_id=457"},"modified":"2023-02-06T21:27:22","modified_gmt":"2023-02-07T00:27:22","slug":"2o-avalies","status":"publish","type":"page","link":"https:\/\/portal.uern.br\/aai\/2o-avalies\/","title":{"rendered":"2\u00ba Avalies"},"content":{"rendered":"<p>2\u00ba Simp\u00f3sio de Avalia\u00e7\u00e3o da Educa\u00e7\u00e3o Superior &#8211; Avalies<\/p>\n<p>Com o objetivo de compartilhar conhecimento, a Prof\u00aa Adriana Almeida Fernandes e as servidoras L\u00edgia Maria Bandeira Guerra e Jacqueline Dantas Gurgel Veras particparam do 2\u00ba Avalies.<\/p>\n<p>O 2\u00ba AVALIES explora, especialmente, as avalia\u00e7\u00f5es internas, gerando conhecimentos para que as institui\u00e7\u00f5es, respeitadas suas caracter\u00edsticas e voca\u00e7\u00f5es, com base cient\u00edfica, possam melhorar a qualidade de seus processos avaliativos.<\/p>\n<p>Para o evento foi produzido o artigo:\u00a0Avalia\u00e7\u00e3o Institucional da UERN: avan\u00e7os e desafios e ap\u00f3s a participa\u00e7\u00e3o da Prof\u00aa Adriana Fernandes e da TNS L\u00edgia Guerra no evento entre os dias\u00a031\/08 a 02\/09\/2016, o Relat\u00f3rio de Participa\u00e7\u00e3o no Avalies.<\/p>\n<p>Para acessar esses documentos na \u00edntegra:\u00a0<a href=\"https:\/\/www.uern.br\/controledepaginas\/aai-eventos\/arquivos\/3970avaliaa%E2%80%A1a%C6%92o_institucional_na_uern.pdf\">Avalia\u00e7\u00e3o Institucional da UERN: avan\u00e7os e desafios<\/a>\u00a0e\u00a0<a href=\"https:\/\/www.uern.br\/controledepaginas\/aai-eventos\/arquivos\/3970relata%E2%80%9Crio_avalies_2016.pdf\">Relat\u00f3rio de Participa\u00e7\u00e3o no Avalies<\/a>.<\/p>\n","protected":false},"excerpt":{"rendered":"<p>2\u00ba Simp\u00f3sio de Avalia\u00e7\u00e3o da Educa\u00e7\u00e3o Superior &#8211; Avalies Com o objetivo de compartilhar conhecimento, a Prof\u00aa Adriana Almeida Fernandes e as servidoras L\u00edgia Maria Bandeira Guerra e Jacqueline Dantas Gurgel Veras particparam do 2\u00ba Avalies. O 2\u00ba AVALIES explora, especialmente, as avalia\u00e7\u00f5es internas, gerando conhecimentos para que as institui\u00e7\u00f5es, respeitadas suas caracter\u00edsticas e voca\u00e7\u00f5es, [&hellip;]<\/p>\n","protected":false},"author":1,"featured_media":0,"parent":0,"menu_order":0,"comment_status":"closed","ping_status":"closed","template":"","meta":[],"_links":{"self":[{"href":"https:\/\/portal.uern.br\/aai\/wp-json\/wp\/v2\/pages\/457"}],"collection":[{"href":"https:\/\/portal.uern.br\/aai\/wp-json\/wp\/v2\/pages"}],"about":[{"href":"https:\/\/portal.uern.br\/aai\/wp-json\/wp\/v2\/types\/page"}],"author":[{"embeddable":true,"href":"https:\/\/portal.uern.br\/aai\/wp-json\/wp\/v2\/users\/1"}],"replies":[{"embeddable":true,"href":"https:\/\/portal.uern.br\/aai\/wp-json\/wp\/v2\/comments?post=457"}],"version-history":[{"count":1,"href":"https:\/\/portal.uern.br\/aai\/wp-json\/wp\/v2\/pages\/457\/revisions"}],"predecessor-version":[{"id":458,"href":"https:\/\/portal.uern.br\/aai\/wp-json\/wp\/v2\/pages\/457\/revisions\/458"}],"wp:attachment":[{"href":"https:\/\/portal.uern.br\/aai\/wp-json\/wp\/v2\/media?parent=457"}],"curies":[{"name":"wp","href":"https:\/\/api.w.org\/{rel}","templated":true}]}}

2º Avalies

<p>2º Simpósio de Avaliação da Educação Superior &#8211; Avalies</p>
<p>Com o objetivo de compartilhar conhecimento, a Profª Adriana Almeida Fernandes e as servidoras Lígia Maria Bandeira Guerra e Jacqueline Dantas Gurgel Veras particparam do 2º Avalies.</p>
<p>O 2º AVALIES explora, especialmente, as avaliações internas, gerando conhecimentos para que as instituições, respeitadas suas características e vocações, com base científica, possam melhorar a qualidade de seus processos avaliativos.</p>
<p>Para o evento foi produzido o artigo: Avaliação Institucional da UERN: avanços e desafios e após a participação da Profª Adriana Fernandes e da TNS Lígia Guerra no evento entre os dias 31/08 a 02/09/2016, o Relatório de Participação no Avalies.</p>
<p>Para acessar esses documentos na íntegra: <a href="https://www.uern.br/controledepaginas/aai-eventos/arquivos/3970avaliaa%E2%80%A1a%C6%92o_institucional_na_uern.pdf">Avaliação Institucional da UERN: avanços e desafios</a> e <a href="https://www.uern.br/controledepaginas/aai-eventos/arquivos/3970relata%E2%80%9Crio_avalies_2016.pdf">Relatório de Participação no Avalies</a>.</p>

<p>2º Simpósio de Avaliação da Educação Superior &#8211; Avalies Com o objetivo de compartilhar conhecimento, a Profª Adriana Almeida Fernandes e as servidoras Lígia Maria Bandeira Guerra e Jacqueline Dantas Gurgel Veras particparam do 2º Avalies. O 2º AVALIES explora, especialmente, as avaliações internas, gerando conhecimentos para que as instituições, respeitadas suas características e vocações, [&hellip;]</p>
