{"id":455,"date":"2023-02-06T21:26:50","date_gmt":"2023-02-07T00:26:50","guid":{"rendered":"http:\/\/beta.apps.uern.br\/wordpress\/aai\/?page_id=455"},"modified":"2023-02-06T21:26:50","modified_gmt":"2023-02-07T00:26:50","slug":"14o-congesp-rn","status":"publish","type":"page","link":"https:\/\/portal.uern.br\/aai\/14o-congesp-rn\/","title":{"rendered":"14\u00ba CONGESP RN"},"content":{"rendered":"<p>O 14\u00ba Congresso de Gest\u00e3o P\u00fablica do Rio Grande do Norte, com o tema \u201cA Reinven\u00e7\u00e3o da Gest\u00e3o P\u00fablica: novos cen\u00e1rios, novos desafios\u201d, \u00e9 um espa\u00e7o para que gestores e servidores p\u00fablicos das diversas esferas e poderes, administradores, bem como outros profissionais liberais e estudantes, possam divulgar seus trabalhos e compartilhar experi\u00eancias exitosas e inovadoras, al\u00e9m de participar das diversas atividades do congresso, ampliando seu leque de conhecimentos, e estabelecer contatos com diferentes profissionais. O evento foi realizado entre os dias 01 e 04 de dezembro de 2020 no formato on-line por sistemas de videoconfer\u00eancia.<\/p>\n<p>A Assessoria de Avalia\u00e7\u00e3o Institucional participou da atividade com submiss\u00e3o de artigo no\u00a0Grupo Tem\u00e1tico: Desafios e perspectivas da gest\u00e3o p\u00fablica, trabalho titulado por\u00a0Teletrabalho em contexto de Pandemia: Pot\u00eancia, resultados e desafios com autoria das servidoras Profa. Dra. Mayra Rodrigues Fernandes Ribeiro, TNS Esp. Carmem L\u00facia da Silva Sousa e TNS Esp. Andr\u00e9ia Louren\u00e7o do Santos.<\/p>\n<p>Para consultar o artigo na \u00edntegra acesso o link a seguir:\u00a0<a href=\"https:\/\/drive.google.com\/file\/d\/1rsAvkaYgsgp_l07nGQd8dViJs0sOGVHI\/view?usp=sharing\">Teletrabalho em contexto de Pandemia: Pot\u00eancia, resultados e desafios<\/a><\/p>\n<p><a href=\"http:\/\/congesp.rn.gov.br\/anais\/index.html\">Anais &#8211; CONGESP &#8211;\u00a0ISSN n\u00ba2674-8509<\/a><\/p>\n","protected":false},"excerpt":{"rendered":"<p>O 14\u00ba Congresso de Gest\u00e3o P\u00fablica do Rio Grande do Norte, com o tema \u201cA Reinven\u00e7\u00e3o da Gest\u00e3o P\u00fablica: novos cen\u00e1rios, novos desafios\u201d, \u00e9 um espa\u00e7o para que gestores e servidores p\u00fablicos das diversas esferas e poderes, administradores, bem como outros profissionais liberais e estudantes, possam divulgar seus trabalhos e compartilhar experi\u00eancias exitosas e inovadoras, [&hellip;]<\/p>\n","protected":false},"author":1,"featured_media":0,"parent":0,"menu_order":0,"comment_status":"closed","ping_status":"closed","template":"","meta":[],"_links":{"self":[{"href":"https:\/\/portal.uern.br\/aai\/wp-json\/wp\/v2\/pages\/455"}],"collection":[{"href":"https:\/\/portal.uern.br\/aai\/wp-json\/wp\/v2\/pages"}],"about":[{"href":"https:\/\/portal.uern.br\/aai\/wp-json\/wp\/v2\/types\/page"}],"author":[{"embeddable":true,"href":"https:\/\/portal.uern.br\/aai\/wp-json\/wp\/v2\/users\/1"}],"replies":[{"embeddable":true,"href":"https:\/\/portal.uern.br\/aai\/wp-json\/wp\/v2\/comments?post=455"}],"version-history":[{"count":1,"href":"https:\/\/portal.uern.br\/aai\/wp-json\/wp\/v2\/pages\/455\/revisions"}],"predecessor-version":[{"id":456,"href":"https:\/\/portal.uern.br\/aai\/wp-json\/wp\/v2\/pages\/455\/revisions\/456"}],"wp:attachment":[{"href":"https:\/\/portal.uern.br\/aai\/wp-json\/wp\/v2\/media?parent=455"}],"curies":[{"name":"wp","href":"https:\/\/api.w.org\/{rel}","templated":true}]}}

14º CONGESP RN

<p>O 14º Congresso de Gestão Pública do Rio Grande do Norte, com o tema “A Reinvenção da Gestão Pública: novos cenários, novos desafios”, é um espaço para que gestores e servidores públicos das diversas esferas e poderes, administradores, bem como outros profissionais liberais e estudantes, possam divulgar seus trabalhos e compartilhar experiências exitosas e inovadoras, além de participar das diversas atividades do congresso, ampliando seu leque de conhecimentos, e estabelecer contatos com diferentes profissionais. O evento foi realizado entre os dias 01 e 04 de dezembro de 2020 no formato on-line por sistemas de videoconferência.</p>
<p>A Assessoria de Avaliação Institucional participou da atividade com submissão de artigo no Grupo Temático: Desafios e perspectivas da gestão pública, trabalho titulado por Teletrabalho em contexto de Pandemia: Potência, resultados e desafios com autoria das servidoras Profa. Dra. Mayra Rodrigues Fernandes Ribeiro, TNS Esp. Carmem Lúcia da Silva Sousa e TNS Esp. Andréia Lourenço do Santos.</p>
<p>Para consultar o artigo na íntegra acesso o link a seguir: <a href="https://drive.google.com/file/d/1rsAvkaYgsgp_l07nGQd8dViJs0sOGVHI/view?usp=sharing">Teletrabalho em contexto de Pandemia: Potência, resultados e desafios</a></p>
<p><a href="http://congesp.rn.gov.br/anais/index.html">Anais &#8211; CONGESP &#8211; ISSN nº2674-8509</a></p>

<p>O 14º Congresso de Gestão Pública do Rio Grande do Norte, com o tema “A Reinvenção da Gestão Pública: novos cenários, novos desafios”, é um espaço para que gestores e servidores públicos das diversas esferas e poderes, administradores, bem como outros profissionais liberais e estudantes, possam divulgar seus trabalhos e compartilhar experiências exitosas e inovadoras, [&hellip;]</p>
