{"id":135,"date":"2022-10-19T16:24:38","date_gmt":"2022-10-19T19:24:38","guid":{"rendered":"https:\/\/paisdemossoro.com.br\/wordpress\/aai\/?page_id=135"},"modified":"2022-10-19T16:24:38","modified_gmt":"2022-10-19T19:24:38","slug":"agenda-de-prioridades-estrategicas","status":"publish","type":"page","link":"https:\/\/portal.uern.br\/aai\/agenda-de-prioridades-estrategicas\/","title":{"rendered":"Agenda de Prioridades Estrat\u00e9gicas"},"content":{"rendered":"<p>Com o prop\u00f3sito de alcan\u00e7ar ainda melhores resultados, a UERN adotou desde 2018 o Planejamento Estrat\u00e9gico com pactua\u00e7\u00e3o de resultados que visa a concretiza\u00e7\u00e3o das metas do PDI por meio de a\u00e7\u00f5es coordenadas e integradas entre os diversos setores, percebidos em rela\u00e7\u00f5es de interdepend\u00eancia. O plano de a\u00e7\u00e3o de cada pr\u00f3-reitoria, diretoria e unidades acad\u00eamicas da UERN converge a\u00e7\u00f5es e metas que buscam alcan\u00e7ar o objetivo macro da institui\u00e7\u00e3o que consiste em \u201cuma universidade aut\u00f4noma, pol\u00edtica e financeiramente,\u00a0 capaz de se planejar e de se autoavaliar continuamente, com vistas a realiza\u00e7\u00e3o de a\u00e7\u00f5es de ensino, pesquisa e de extens\u00e3o, visando a excel\u00eancia na forma\u00e7\u00e3o de pessoas e buscando o desenvolvimento sustent\u00e1vel da sociedade\u201d (PDI, 2016-2026).<\/p>\n<p>O objetivo de construirmos a Agenda de Prioridades Estrat\u00e9gicas Anuais \u00e9 de desenvolver um processo de refinamento do planejamento, articulando para uma maior din\u00e2mica na comunica\u00e7\u00e3o entre os setores e para a defini\u00e7\u00e3o de metas poss\u00edveis de serem monitoradas em fun\u00e7\u00e3o dos resultados.<\/p>\n<p>A Agenda de Prioridades Estrat\u00e9gicas Anual \u00e9 meta a ser perseguida por todos os protagonistas da institui\u00e7\u00e3o que, comprometidos com uma forma\u00e7\u00e3o acad\u00eamica profissional e cidad\u00e3, s\u00e3o correspons\u00e1veis pelos resultados alcan\u00e7ados, sendo condi\u00e7\u00e3o indispens\u00e1vel a postura da a\u00e7\u00e3o transformadora, da cr\u00edtica e da autoavalia\u00e7\u00e3o.<\/p>\n<p><strong>Agendas Pactuadas dispon\u00edveis:<\/strong><\/p>\n<ul>\n<li><a href=\"https:\/\/portal.uern.br\/aai\/wp-content\/uploads\/sites\/4\/2022\/10\/5744agenda_uern_2018.pdf\">2018<\/a><\/li>\n<li><a href=\"https:\/\/portal.uern.br\/aai\/wp-content\/uploads\/sites\/4\/2022\/10\/5744agenda_uern_2019_final.pdf\">2019<\/a><\/li>\n<li><a href=\"https:\/\/portal.uern.br\/aai\/wp-content\/uploads\/sites\/4\/2022\/10\/5744agenda_prioridades_2020_final_02.pdf\">2020<\/a><\/li>\n<li><a href=\"https:\/\/drive.google.com\/file\/d\/1iG0uXokCIvGVYO4eMKRoXyFkakr_MPEj\/view?usp=sharing\">2021<\/a><\/li>\n<\/ul>\n","protected":false},"excerpt":{"rendered":"<p>Com o prop\u00f3sito de alcan\u00e7ar ainda melhores resultados, a UERN adotou desde 2018 o Planejamento Estrat\u00e9gico com pactua\u00e7\u00e3o de resultados que visa a concretiza\u00e7\u00e3o das metas do PDI por meio de a\u00e7\u00f5es coordenadas e integradas entre os diversos setores, percebidos em rela\u00e7\u00f5es de interdepend\u00eancia. O plano de a\u00e7\u00e3o de cada pr\u00f3-reitoria, diretoria e unidades acad\u00eamicas [&hellip;]<\/p>\n","protected":false},"author":1,"featured_media":0,"parent":0,"menu_order":0,"comment_status":"closed","ping_status":"closed","template":"","meta":[],"_links":{"self":[{"href":"https:\/\/portal.uern.br\/aai\/wp-json\/wp\/v2\/pages\/135"}],"collection":[{"href":"https:\/\/portal.uern.br\/aai\/wp-json\/wp\/v2\/pages"}],"about":[{"href":"https:\/\/portal.uern.br\/aai\/wp-json\/wp\/v2\/types\/page"}],"author":[{"embeddable":true,"href":"https:\/\/portal.uern.br\/aai\/wp-json\/wp\/v2\/users\/1"}],"replies":[{"embeddable":true,"href":"https:\/\/portal.uern.br\/aai\/wp-json\/wp\/v2\/comments?post=135"}],"version-history":[{"count":3,"href":"https:\/\/portal.uern.br\/aai\/wp-json\/wp\/v2\/pages\/135\/revisions"}],"predecessor-version":[{"id":879,"href":"https:\/\/portal.uern.br\/aai\/wp-json\/wp\/v2\/pages\/135\/revisions\/879"}],"wp:attachment":[{"href":"https:\/\/portal.uern.br\/aai\/wp-json\/wp\/v2\/media?parent=135"}],"curies":[{"name":"wp","href":"https:\/\/api.w.org\/{rel}","templated":true}]}}