{"id":1341,"date":"2024-08-27T10:09:49","date_gmt":"2024-08-27T13:09:49","guid":{"rendered":"https:\/\/portal.uern.br\/aai\/?page_id=1341"},"modified":"2024-08-27T10:14:37","modified_gmt":"2024-08-27T13:14:37","slug":"iv-seminario-de-avaliacao-institucional","status":"publish","type":"page","link":"https:\/\/portal.uern.br\/aai\/iv-seminario-de-avaliacao-institucional\/","title":{"rendered":"IV Semin\u00e1rio de Avalia\u00e7\u00e3o Institucional"},"content":{"rendered":"<p><img fetchpriority=\"high\" decoding=\"async\" class=\"alignnone wp-image-1342 aligncenter\" src=\"https:\/\/portal.uern.br\/aai\/wp-content\/uploads\/sites\/4\/2024\/08\/Modelo-de-apresentacao-Seminario-Versao-3.pptx-1-300x169.jpg\" alt=\"\" width=\"476\" height=\"269\" srcset=\"https:\/\/portal.uern.br\/aai\/wp-content\/uploads\/sites\/4\/2024\/08\/Modelo-de-apresentacao-Seminario-Versao-3.pptx-1-300x169.jpg 300w, https:\/\/portal.uern.br\/aai\/wp-content\/uploads\/sites\/4\/2024\/08\/Modelo-de-apresentacao-Seminario-Versao-3.pptx-1-1024x576.jpg 1024w, https:\/\/portal.uern.br\/aai\/wp-content\/uploads\/sites\/4\/2024\/08\/Modelo-de-apresentacao-Seminario-Versao-3.pptx-1-768x432.jpg 768w, https:\/\/portal.uern.br\/aai\/wp-content\/uploads\/sites\/4\/2024\/08\/Modelo-de-apresentacao-Seminario-Versao-3.pptx-1.jpg 1280w\" sizes=\"(max-width: 476px) 100vw, 476px\" \/><\/p>\n<p style=\"text-align: justify\">A Assessoria de Avalia\u00e7\u00e3o Institucional (AAI), em parceria com a Comiss\u00e3o Pr\u00f3pria de Avalia\u00e7\u00e3o (CPA), promoveu, no dia 22 de agosto, no audit\u00f3rio da FALA, o IV Semin\u00e1rio de Avalia\u00e7\u00e3o e Integra\u00e7\u00e3o, com o tema \u201cCorresponsabiliza\u00e7\u00e3o e Avalia\u00e7\u00e3o: Trajet\u00f3ria Organizacional para a Transforma\u00e7\u00e3o e Inova\u00e7\u00e3o na Universidade\u201d.<\/p>\n<p style=\"text-align: justify\">Durante o semin\u00e1rio, cada diretor de campus e\/ou faculdade teve entre 10 e 15 minutos para apresentar um diagn\u00f3stico sucinto de sua unidade, seguindo o modelo de template disponibilizado pela AAI. Esse diagn\u00f3stico \u00e9 fundamental para uma compreens\u00e3o detalhada da realidade de cada unidade, servindo como base para o aprimoramento cont\u00ednuo da nossa institui\u00e7\u00e3o.<\/p>\n<p style=\"text-align: justify\">A avalia\u00e7\u00e3o institucional \u00e9 um pilar essencial para o planejamento estrat\u00e9gico da universidade. Ao analisar as dimens\u00f5es acad\u00eamicas, administrativas e de infraestrutura, essa avalia\u00e7\u00e3o proporciona uma vis\u00e3o abrangente que destaca pontos fortes, identifica \u00e1reas de melhoria e revela oportunidades de crescimento. Com base nesses insights, podemos estabelecer metas estrat\u00e9gicas e planejar a aloca\u00e7\u00e3o de recursos de forma eficaz, assegurando a melhoria cont\u00ednua da qualidade educacional e a satisfa\u00e7\u00e3o dos nossos discentes, al\u00e9m de fortalecer nossa posi\u00e7\u00e3o perante a sociedade.<\/p>\n<p>Material apresentado no evento:<\/p>\n<p><span style=\"font-weight: 400\">Campus de Assu &#8211;<a href=\"https:\/\/docs.google.com\/presentation\/d\/1zeejeXRxV3Eh5BQ8n-VDr26_tYh6gseJ\/edit?usp=sharing&amp;ouid=115488754771913442096&amp;rtpof=true&amp;sd=true\"> Slides apresentados<\/a>\u00a0<\/span><\/p>\n<p><span style=\"font-weight: 400\">Faculdade de Ci\u00eancias Exatas e Naturais \u2013 FANAT &#8211;<a href=\"https:\/\/docs.google.com\/presentation\/d\/1wpgxmQlbtH5BO_VrjIe6TEdC__njwa04\/edit?usp=sharing&amp;ouid=115488754771913442096&amp;rtpof=true&amp;sd=true\"> Slides apresentados<\/a><\/span><\/p>\n<p><span style=\"font-weight: 400\">Campus de Caic\u00f3 &#8211;<a href=\"https:\/\/drive.google.com\/file\/d\/1XdPQk-SYj0bdJn6gy6W1Wybql2xHSxQQ\/view?usp=sharing\"> Slides apresentados<\/a><\/span><\/p>\n<p><span style=\"font-weight: 400\">Faculdade de Educa\u00e7\u00e3o F\u00edsica \u2013 FAEF &#8211; <a href=\"https:\/\/docs.google.com\/presentation\/d\/1fIxAChD95noRP0rTN-kl-h2u7aXWjaMM\/edit?usp=sharing&amp;ouid=115488754771913442096&amp;rtpof=true&amp;sd=true\">Slides apresentados<\/a><\/span><\/p>\n<p><span style=\"font-weight: 400\">Campus de Pau dos Ferros &#8211;<a href=\"https:\/\/docs.google.com\/presentation\/d\/1rsMy995m9qvvcKMQv6A8WFN1Q--TQ1KC\/edit?usp=sharing&amp;ouid=115488754771913442096&amp;rtpof=true&amp;sd=true\"> Slides apresentados<\/a><\/span><\/p>\n<p><span style=\"font-weight: 400\">Faculdade de Educa\u00e7\u00e3o \u2013 FE &#8211; <a href=\"https:\/\/drive.google.com\/file\/d\/1u7gsFVVNKDv9JjEwD9nN8fWTwxvCH2ki\/view?usp=sharing\">Slides apresentados<\/a>\u00a0<\/span><\/p>\n<p><span style=\"font-weight: 400\">Faculdade de Letras e Artes \u2013 FALA &#8211; <a href=\"https:\/\/docs.google.com\/presentation\/d\/1TR1OGySNhZ6u_2jLwvVBB6bVYcOqpVdP\/edit?usp=sharing&amp;ouid=115488754771913442096&amp;rtpof=true&amp;sd=true\">Slides apresentados<\/a><\/span><\/p>\n<p><span style=\"font-weight: 400\">Faculdade de Direito &#8211; FAD &#8211; <a href=\"https:\/\/drive.google.com\/file\/d\/1gnG4lAhVdCCTY2BaaouA746xhEdeuLJP\/view?usp=sharing\">Slides apresentados<\/a><\/span><\/p>\n<p><span style=\"font-weight: 400\">Campus de Patu &#8211; <a href=\"https:\/\/docs.google.com\/presentation\/d\/1yhlv6ZoEZzjM6TOHd5nSoSHqlEcwfjap\/edit?usp=sharing&amp;ouid=115488754771913442096&amp;rtpof=true&amp;sd=true\">Slides apresentados<\/a><\/span><\/p>\n<p><span style=\"font-weight: 400\">\u00a0Faculdade de Enfermagem \u2013 FAEN &#8211; <a href=\"https:\/\/docs.google.com\/presentation\/d\/11_kW_UpuHB-FF-TQC8bQneMeVkJy6LKK\/edit?usp=sharing&amp;ouid=115488754771913442096&amp;rtpof=true&amp;sd=true\">Slides apresentados<\/a><\/span><\/p>\n<p><span style=\"font-weight: 400\">Faculdade de Ci\u00eancias da Sa\u00fade \u2013 FACS &#8211; <a href=\"https:\/\/docs.google.com\/presentation\/d\/1CPbHNm5nPpXD9jLPXKYPyEEubN0lldsa\/edit?usp=sharing&amp;ouid=115488754771913442096&amp;rtpof=true&amp;sd=true\">Slides apresentados<\/a><\/span><\/p>\n<p><span style=\"font-weight: 400\">Faculdade de Filosofia e Ci\u00eancias Sociais \u2013 FAFIC &#8211; <a href=\"https:\/\/docs.google.com\/presentation\/d\/1CPbHNm5nPpXD9jLPXKYPyEEubN0lldsa\/edit?usp=sharing&amp;ouid=115488754771913442096&amp;rtpof=true&amp;sd=true\">Slides apresentados<\/a><\/span><\/p>\n<p><span style=\"font-weight: 400\">Faculdade de Ci\u00eancias Econ\u00f4micas \u2013 FACEM &#8211; <a href=\"https:\/\/docs.google.com\/presentation\/d\/1nNvjuG3efNRzA2JQ5V8NjtECypfkzo33\/edit?usp=sharing&amp;ouid=115488754771913442096&amp;rtpof=true&amp;sd=true\">Slides apresentados<\/a><\/span><\/p>\n<p>&nbsp;<\/p>\n<p>&nbsp;<\/p>\n<p>&nbsp;<\/p>\n","protected":false},"excerpt":{"rendered":"<p>A Assessoria de Avalia\u00e7\u00e3o Institucional (AAI), em parceria com a Comiss\u00e3o Pr\u00f3pria de Avalia\u00e7\u00e3o (CPA), promoveu, no dia 22 de agosto, no audit\u00f3rio da FALA, o IV Semin\u00e1rio de Avalia\u00e7\u00e3o e Integra\u00e7\u00e3o, com o tema \u201cCorresponsabiliza\u00e7\u00e3o e Avalia\u00e7\u00e3o: Trajet\u00f3ria Organizacional para a Transforma\u00e7\u00e3o e Inova\u00e7\u00e3o na Universidade\u201d. Durante o semin\u00e1rio, cada diretor de campus e\/ou [&hellip;]<\/p>\n","protected":false},"author":33,"featured_media":0,"parent":0,"menu_order":0,"comment_status":"closed","ping_status":"closed","template":"","meta":[],"_links":{"self":[{"href":"https:\/\/portal.uern.br\/aai\/wp-json\/wp\/v2\/pages\/1341"}],"collection":[{"href":"https:\/\/portal.uern.br\/aai\/wp-json\/wp\/v2\/pages"}],"about":[{"href":"https:\/\/portal.uern.br\/aai\/wp-json\/wp\/v2\/types\/page"}],"author":[{"embeddable":true,"href":"https:\/\/portal.uern.br\/aai\/wp-json\/wp\/v2\/users\/33"}],"replies":[{"embeddable":true,"href":"https:\/\/portal.uern.br\/aai\/wp-json\/wp\/v2\/comments?post=1341"}],"version-history":[{"count":14,"href":"https:\/\/portal.uern.br\/aai\/wp-json\/wp\/v2\/pages\/1341\/revisions"}],"predecessor-version":[{"id":1357,"href":"https:\/\/portal.uern.br\/aai\/wp-json\/wp\/v2\/pages\/1341\/revisions\/1357"}],"wp:attachment":[{"href":"https:\/\/portal.uern.br\/aai\/wp-json\/wp\/v2\/media?parent=1341"}],"curies":[{"name":"wp","href":"https:\/\/api.w.org\/{rel}","templated":true}]}}

IV Seminário de Avaliação Institucional

<p><img fetchpriority="high" decoding="async" class="alignnone wp-image-1342 aligncenter" src="https://portal.uern.br/aai/wp-content/uploads/sites/4/2024/08/Modelo-de-apresentacao-Seminario-Versao-3.pptx-1-300x169.jpg" alt="" width="476" height="269" srcset="https://portal.uern.br/aai/wp-content/uploads/sites/4/2024/08/Modelo-de-apresentacao-Seminario-Versao-3.pptx-1-300x169.jpg 300w, https://portal.uern.br/aai/wp-content/uploads/sites/4/2024/08/Modelo-de-apresentacao-Seminario-Versao-3.pptx-1-1024x576.jpg 1024w, https://portal.uern.br/aai/wp-content/uploads/sites/4/2024/08/Modelo-de-apresentacao-Seminario-Versao-3.pptx-1-768x432.jpg 768w, https://portal.uern.br/aai/wp-content/uploads/sites/4/2024/08/Modelo-de-apresentacao-Seminario-Versao-3.pptx-1.jpg 1280w" sizes="(max-width: 476px) 100vw, 476px" /></p>
<p style="text-align: justify">A Assessoria de Avaliação Institucional (AAI), em parceria com a Comissão Própria de Avaliação (CPA), promoveu, no dia 22 de agosto, no auditório da FALA, o IV Seminário de Avaliação e Integração, com o tema “Corresponsabilização e Avaliação: Trajetória Organizacional para a Transformação e Inovação na Universidade”.</p>
<p style="text-align: justify">Durante o seminário, cada diretor de campus e/ou faculdade teve entre 10 e 15 minutos para apresentar um diagnóstico sucinto de sua unidade, seguindo o modelo de template disponibilizado pela AAI. Esse diagnóstico é fundamental para uma compreensão detalhada da realidade de cada unidade, servindo como base para o aprimoramento contínuo da nossa instituição.</p>
<p style="text-align: justify">A avaliação institucional é um pilar essencial para o planejamento estratégico da universidade. Ao analisar as dimensões acadêmicas, administrativas e de infraestrutura, essa avaliação proporciona uma visão abrangente que destaca pontos fortes, identifica áreas de melhoria e revela oportunidades de crescimento. Com base nesses insights, podemos estabelecer metas estratégicas e planejar a alocação de recursos de forma eficaz, assegurando a melhoria contínua da qualidade educacional e a satisfação dos nossos discentes, além de fortalecer nossa posição perante a sociedade.</p>
<p>Material apresentado no evento:</p>
<p><span style="font-weight: 400">Campus de Assu &#8211;<a href="https://docs.google.com/presentation/d/1zeejeXRxV3Eh5BQ8n-VDr26_tYh6gseJ/edit?usp=sharing&amp;ouid=115488754771913442096&amp;rtpof=true&amp;sd=true"> Slides apresentados</a> </span></p>
<p><span style="font-weight: 400">Faculdade de Ciências Exatas e Naturais – FANAT &#8211;<a href="https://docs.google.com/presentation/d/1wpgxmQlbtH5BO_VrjIe6TEdC__njwa04/edit?usp=sharing&amp;ouid=115488754771913442096&amp;rtpof=true&amp;sd=true"> Slides apresentados</a></span></p>
<p><span style="font-weight: 400">Campus de Caicó &#8211;<a href="https://drive.google.com/file/d/1XdPQk-SYj0bdJn6gy6W1Wybql2xHSxQQ/view?usp=sharing"> Slides apresentados</a></span></p>
<p><span style="font-weight: 400">Faculdade de Educação Física – FAEF &#8211; <a href="https://docs.google.com/presentation/d/1fIxAChD95noRP0rTN-kl-h2u7aXWjaMM/edit?usp=sharing&amp;ouid=115488754771913442096&amp;rtpof=true&amp;sd=true">Slides apresentados</a></span></p>
<p><span style="font-weight: 400">Campus de Pau dos Ferros &#8211;<a href="https://docs.google.com/presentation/d/1rsMy995m9qvvcKMQv6A8WFN1Q--TQ1KC/edit?usp=sharing&amp;ouid=115488754771913442096&amp;rtpof=true&amp;sd=true"> Slides apresentados</a></span></p>
<p><span style="font-weight: 400">Faculdade de Educação – FE &#8211; <a href="https://drive.google.com/file/d/1u7gsFVVNKDv9JjEwD9nN8fWTwxvCH2ki/view?usp=sharing">Slides apresentados</a> </span></p>
<p><span style="font-weight: 400">Faculdade de Letras e Artes – FALA &#8211; <a href="https://docs.google.com/presentation/d/1TR1OGySNhZ6u_2jLwvVBB6bVYcOqpVdP/edit?usp=sharing&amp;ouid=115488754771913442096&amp;rtpof=true&amp;sd=true">Slides apresentados</a></span></p>
<p><span style="font-weight: 400">Faculdade de Direito &#8211; FAD &#8211; <a href="https://drive.google.com/file/d/1gnG4lAhVdCCTY2BaaouA746xhEdeuLJP/view?usp=sharing">Slides apresentados</a></span></p>
<p><span style="font-weight: 400">Campus de Patu &#8211; <a href="https://docs.google.com/presentation/d/1yhlv6ZoEZzjM6TOHd5nSoSHqlEcwfjap/edit?usp=sharing&amp;ouid=115488754771913442096&amp;rtpof=true&amp;sd=true">Slides apresentados</a></span></p>
<p><span style="font-weight: 400"> Faculdade de Enfermagem – FAEN &#8211; <a href="https://docs.google.com/presentation/d/11_kW_UpuHB-FF-TQC8bQneMeVkJy6LKK/edit?usp=sharing&amp;ouid=115488754771913442096&amp;rtpof=true&amp;sd=true">Slides apresentados</a></span></p>
<p><span style="font-weight: 400">Faculdade de Ciências da Saúde – FACS &#8211; <a href="https://docs.google.com/presentation/d/1CPbHNm5nPpXD9jLPXKYPyEEubN0lldsa/edit?usp=sharing&amp;ouid=115488754771913442096&amp;rtpof=true&amp;sd=true">Slides apresentados</a></span></p>
<p><span style="font-weight: 400">Faculdade de Filosofia e Ciências Sociais – FAFIC &#8211; <a href="https://docs.google.com/presentation/d/1CPbHNm5nPpXD9jLPXKYPyEEubN0lldsa/edit?usp=sharing&amp;ouid=115488754771913442096&amp;rtpof=true&amp;sd=true">Slides apresentados</a></span></p>
<p><span style="font-weight: 400">Faculdade de Ciências Econômicas – FACEM &#8211; <a href="https://docs.google.com/presentation/d/1nNvjuG3efNRzA2JQ5V8NjtECypfkzo33/edit?usp=sharing&amp;ouid=115488754771913442096&amp;rtpof=true&amp;sd=true">Slides apresentados</a></span></p>
<p>&nbsp;</p>
<p>&nbsp;</p>
<p>&nbsp;</p>

<p>A Assessoria de Avaliação Institucional (AAI), em parceria com a Comissão Própria de Avaliação (CPA), promoveu, no dia 22 de agosto, no auditório da FALA, o IV Seminário de Avaliação e Integração, com o tema “Corresponsabilização e Avaliação: Trajetória Organizacional para a Transformação e Inovação na Universidade”. Durante o seminário, cada diretor de campus e/ou [&hellip;]</p>
