{"id":1328,"date":"2024-08-02T11:49:22","date_gmt":"2024-08-02T14:49:22","guid":{"rendered":"https:\/\/portal.uern.br\/aai\/?page_id=1328"},"modified":"2026-04-09T15:19:18","modified_gmt":"2026-04-09T18:19:18","slug":"relatorios-de-avaliacao-cpa","status":"publish","type":"page","link":"https:\/\/portal.uern.br\/aai\/relatorios-de-avaliacao-cpa\/","title":{"rendered":"Relat\u00f3rios de Autoavalia\u00e7\u00e3o"},"content":{"rendered":"<p>A Comiss\u00e3o Pr\u00f3pria de Avalia\u00e7\u00e3o (CPA) da Uern \u00e9 respons\u00e1vel pela elabora\u00e7\u00e3o de relat\u00f3rios de avalia\u00e7\u00e3o institucional, que s\u00e3o produzidos com base nos dados coletados durante os processos de autoavalia\u00e7\u00e3o realizados periodicamente. Esses relat\u00f3rios oferecem uma vis\u00e3o detalhada sobre o desempenho da\u00a0 institui\u00e7\u00e3o em diversas \u00e1reas, proporcionando uma base s\u00f3lida para a identifica\u00e7\u00e3o de oportunidades de melhoria e o desenvolvimento de estrat\u00e9gias que visam \u00e0 excel\u00eancia acad\u00eamica e administrativa.<\/p>\n<p>A autoavalia\u00e7\u00e3o \u00e9 um instrumento essencial para o crescimento cont\u00ednuo da Uern. Atrav\u00e9s dela, \u00e9 poss\u00edvel identificar pontos fortes, reconhecer desafios e planejar a\u00e7\u00f5es que garantam a qualidade dos servi\u00e7os oferecidos. Convidamos a comunidade acad\u00eamica e todos os interessados a acessarem os relat\u00f3rios abaixo, que refletem o comprometimento da nossa institui\u00e7\u00e3o com a transpar\u00eancia e o aperfei\u00e7oamento constante.<\/p>\n<p><a href=\"https:\/\/drive.google.com\/file\/d\/1NOjaLumxWnc5t07zN7uz4dQ1MVj3qxsJ\/view?usp=sharing\">Relat\u00f3rio Parcial de Autoavalia\u00e7\u00e3o &#8211; Ano de refer\u00eancia 2024<\/a><\/p>\n<p><a href=\"https:\/\/drive.google.com\/file\/d\/1Y65IxfpIhFyvpGiE38WPn5TKWwws81OS\/view?usp=sharing\">Relat\u00f3rio Parcial de Autoavalia\u00e7\u00e3o &#8211; Ano de refer\u00eancia 2023<\/a><\/p>\n<p><a href=\"https:\/\/drive.google.com\/file\/d\/1O3rZ1my6mp564cV1Nj_meoAYDklCrXWi\/view?usp=sharing\">Relat\u00f3rio Integral de Autoavalia\u00e7\u00e3o Institucional Tri\u00eanio 2023-2025<\/a><\/p>\n<p>&nbsp;<\/p>\n<p><a href=\"https:\/\/drive.google.com\/file\/d\/1tq_baX65uxkA3PMxfyAo4yrw2kDvfdNX\/view?usp=sharing\">Relat\u00f3rio de Avalia\u00e7\u00e3o do Ensino &#8211; Ano de Refer\u00eancia 2023<\/a><\/p>\n<p><a href=\"https:\/\/drive.google.com\/file\/d\/1r1VHPApA9kDKKvBir7wGXFg8_t1j2Adx\/view?usp=sharing\">Relat\u00f3rio de Avalia\u00e7\u00e3o do Ensino &#8211; Ano de Refer\u00eancia 2024<\/a><\/p>\n<p><strong>Per\u00edodo de Pandemia:<\/strong><\/p>\n<p><a href=\"https:\/\/drive.google.com\/file\/d\/1XyK7vRWfz5Pz5IUDKGbttgmJo_7lqmYR\/view?usp=sharing\">Relat\u00f3rio Geral de Avalia\u00e7\u00e3o do Ensino Remoto Semestre Refer\u00eancia 2020.1<br \/>\n<\/a><\/p>\n<p><a href=\"https:\/\/drive.google.com\/file\/d\/1Tv3kjrwC40jfmq89zEZCG_cSYaEmW0fY\/view?usp=sharing\">Relat\u00f3rio Geral de Avalia\u00e7\u00e3o do Ensino Remoto Semestre Refer\u00eancia 2020.2<\/a><\/p>\n<p><a href=\"https:\/\/drive.google.com\/file\/d\/1qXjg8pzRsl9F_3ahlMG8Ljo2nueiw2qc\/view?usp=sharing\">Relat\u00f3rio Geral de Avalia\u00e7\u00e3o do Ensino Remoto Semestre Refer\u00eancia 2021.1<\/a><\/p>\n<p><a href=\"https:\/\/drive.google.com\/file\/d\/1vT51ZTUf6uwMM0TjT0sqfRvBDgNmNzZE\/view?usp=sharing\">Relat\u00f3rio Geral de Avalia\u00e7\u00e3o do Ensino Remoto\u00a0 Semestre Refer\u00eancia 2021.2<\/a><\/p>\n<p>&nbsp;<\/p>\n<p>Al\u00e9m dos relat\u00f3rios institucionais elaborados pela CPA (Comiss\u00e3o Pr\u00f3pria de Avalia\u00e7\u00e3o), no \u00e2mbito da UERN, tamb\u00e9m s\u00e3o produzidos relat\u00f3rios semestrais dos cursos pela Coses (Comiss\u00e3o Setorial de Avalia\u00e7\u00e3o), que s\u00e3o partes integrantes da CPA. Essas comiss\u00f5es trabalham de forma colaborativa e integrada, com o objetivo de tornar o processo de autoavalia\u00e7\u00e3o desta IES mais robusto. Os relat\u00f3rios elaborados pelas Coses t\u00eam como finalidade analisar detalhadamente os dados coletados nos processos de autoavalia\u00e7\u00e3o, visando identificar as potencialidades e fragilidades dos cursos. Assim, configuram-se como importantes instrumentos para o planejamento estrat\u00e9gico e para a corre\u00e7\u00e3o de rumos, contribuindo significativamente para a melhoria cont\u00ednua da qualidade acad\u00eamica e institucional. Conhe\u00e7a os relat\u00f3rios semestrais das Coses <a href=\"https:\/\/portal.uern.br\/aai\/relatorios-de-avaliacao-interna-semestral\/\">clicando Aqui<\/a>.<\/p>\n<p>&nbsp;<\/p>\n<p>&nbsp;<\/p>\n","protected":false},"excerpt":{"rendered":"<p>A Comiss\u00e3o Pr\u00f3pria de Avalia\u00e7\u00e3o (CPA) da Uern \u00e9 respons\u00e1vel pela elabora\u00e7\u00e3o de relat\u00f3rios de avalia\u00e7\u00e3o institucional, que s\u00e3o produzidos com base nos dados coletados durante os processos de autoavalia\u00e7\u00e3o realizados periodicamente. Esses relat\u00f3rios oferecem uma vis\u00e3o detalhada sobre o desempenho da\u00a0 institui\u00e7\u00e3o em diversas \u00e1reas, proporcionando uma base s\u00f3lida para a identifica\u00e7\u00e3o de oportunidades [&hellip;]<\/p>\n","protected":false},"author":33,"featured_media":0,"parent":0,"menu_order":0,"comment_status":"closed","ping_status":"closed","template":"","meta":[],"_links":{"self":[{"href":"https:\/\/portal.uern.br\/aai\/wp-json\/wp\/v2\/pages\/1328"}],"collection":[{"href":"https:\/\/portal.uern.br\/aai\/wp-json\/wp\/v2\/pages"}],"about":[{"href":"https:\/\/portal.uern.br\/aai\/wp-json\/wp\/v2\/types\/page"}],"author":[{"embeddable":true,"href":"https:\/\/portal.uern.br\/aai\/wp-json\/wp\/v2\/users\/33"}],"replies":[{"embeddable":true,"href":"https:\/\/portal.uern.br\/aai\/wp-json\/wp\/v2\/comments?post=1328"}],"version-history":[{"count":21,"href":"https:\/\/portal.uern.br\/aai\/wp-json\/wp\/v2\/pages\/1328\/revisions"}],"predecessor-version":[{"id":1746,"href":"https:\/\/portal.uern.br\/aai\/wp-json\/wp\/v2\/pages\/1328\/revisions\/1746"}],"wp:attachment":[{"href":"https:\/\/portal.uern.br\/aai\/wp-json\/wp\/v2\/media?parent=1328"}],"curies":[{"name":"wp","href":"https:\/\/api.w.org\/{rel}","templated":true}]}}