{"id":1204,"date":"2024-04-03T13:12:15","date_gmt":"2024-04-03T16:12:15","guid":{"rendered":"https:\/\/portal.uern.br\/aai\/?page_id=1204"},"modified":"2024-05-10T10:03:11","modified_gmt":"2024-05-10T13:03:11","slug":"iii-semanario-de-avaliacao-institucional","status":"publish","type":"page","link":"https:\/\/portal.uern.br\/aai\/iii-semanario-de-avaliacao-institucional\/","title":{"rendered":"III Seman\u00e1rio de Avalia\u00e7\u00e3o Institucional"},"content":{"rendered":"<p><img fetchpriority=\"high\" decoding=\"async\" class=\" wp-image-1205 aligncenter\" src=\"https:\/\/portal.uern.br\/aai\/wp-content\/uploads\/sites\/4\/2024\/04\/Banner-do-III-Semanario-de-Avaliacao-Institucional-300x122.png\" alt=\"\" width=\"821\" height=\"334\" srcset=\"https:\/\/portal.uern.br\/aai\/wp-content\/uploads\/sites\/4\/2024\/04\/Banner-do-III-Semanario-de-Avaliacao-Institucional-300x122.png 300w, https:\/\/portal.uern.br\/aai\/wp-content\/uploads\/sites\/4\/2024\/04\/Banner-do-III-Semanario-de-Avaliacao-Institucional-1024x416.png 1024w, https:\/\/portal.uern.br\/aai\/wp-content\/uploads\/sites\/4\/2024\/04\/Banner-do-III-Semanario-de-Avaliacao-Institucional-768x312.png 768w, https:\/\/portal.uern.br\/aai\/wp-content\/uploads\/sites\/4\/2024\/04\/Banner-do-III-Semanario-de-Avaliacao-Institucional-1536x624.png 1536w, https:\/\/portal.uern.br\/aai\/wp-content\/uploads\/sites\/4\/2024\/04\/Banner-do-III-Semanario-de-Avaliacao-Institucional.png 1920w\" sizes=\"(max-width: 821px) 100vw, 821px\" \/><\/p>\n<p style=\"text-align: justify\">\u00a0 \u00a0 \u00a0 \u00a0De 11 a 30 de abril de 2024, a Comiss\u00e3o Pr\u00f3pria de Avalia\u00e7\u00e3o, em colabora\u00e7\u00e3o com a Assessoria de Avalia\u00e7\u00e3o Institucional, estar\u00e1 promovendo o III Seman\u00e1rio de Avalia\u00e7\u00e3o Institucional. Sob o tema &#8220;Di\u00e1logo, A\u00e7\u00e3o e Corresponsabiliza\u00e7\u00e3o para a Excel\u00eancia Acad\u00eamica e o Futuro Sustent\u00e1vel da Sociedade&#8221;, este evento ser\u00e1 realizado em formato h\u00edbrido. O Seman\u00e1rio contar\u00e1 com uma variedade de oficinas e palestras online, al\u00e9m da realiza\u00e7\u00e3o de momentos presenciais nos campi, com o objetivo de apresentar e debater os resultados da \u00faltima avalia\u00e7\u00e3o institucional bem como espa\u00e7os de di\u00e1logo e escuta sens\u00edvel junto aos diversos segmentos da comunidade acad\u00eamica.<\/p>\n<p style=\"text-align: justify\">\u00a0 \u00a0 \u00a0 \u00a0O prop\u00f3sito central do Seman\u00e1rio \u00e9 estimular um amplo debate sobre os processos de avalia\u00e7\u00e3o, tanto internos (autoavalia\u00e7\u00e3o) quanto externos, que ocorrem nesta institui\u00e7\u00e3o de ensino superior. Assim, busca apresentar aos membros da comunidade acad\u00eamica os fluxos desses processos e ressaltar sua import\u00e2ncia para o cont\u00ednuo aprimoramento das pol\u00edticas administrativas, estruturais e pedag\u00f3gicas, em conson\u00e2ncia com o compromisso da institui\u00e7\u00e3o em contribuir para o desenvolvimento sustent\u00e1vel da sociedade.<\/p>\n<p style=\"text-align: justify\">\u00a0 \u00a0 \u00a0 \u00a0O objetivo \u00e9 disseminar uma cultura de avalia\u00e7\u00e3o, promovendo a socializa\u00e7\u00e3o do conhecimento sobre o tema e fortalecendo a pol\u00edtica de corresponsabiliza\u00e7\u00e3o dos envolvidos no processo avaliativo. Para tanto, o evento foi concebido para engajar toda a comunidade acad\u00eamica ligada \u00e0 avalia\u00e7\u00e3o, incluindo Pr\u00f3-reitorias, Diretorias, departamentos, NDEs, Coses e estudantes. Durante o Seman\u00e1rio, ser\u00e1 poss\u00edvel compartilhar, apresentar e discutir os trabalhos de coleta e an\u00e1lise dos dados avaliativos, proporcionando uma compreens\u00e3o abrangente do processo de avalia\u00e7\u00e3o e buscando alternativas de aprimoramento. Nesse sentido, o evento busca estimular uma reflex\u00e3o cr\u00edtica sobre a avalia\u00e7\u00e3o institucional, com foco na melhoria cont\u00ednua e no fortalecimento da cultura avaliativa dentro da Uern.<\/p>\n<p style=\"text-align: center\"><span style=\"font-weight: 400\"><span style=\"color: #000000\"><strong> Inscri\u00e7\u00f5es:<\/strong><\/span> <a href=\"https:\/\/www.even3.com.br\/iii-semanario-de-avaliacao-institucional-449346\/\">https:\/\/www.even3.com.br\/iii-semanario-de-avaliacao-institucional-449346\/<\/a><\/span><\/p>\n<h2 style=\"text-align: center\"><strong>Atividades online:<\/strong><\/h2>\n<p><img decoding=\"async\" class=\"size-medium wp-image-1206 aligncenter\" src=\"https:\/\/portal.uern.br\/aai\/wp-content\/uploads\/sites\/4\/2024\/04\/1-300x300.png\" alt=\"\" width=\"300\" height=\"300\" srcset=\"https:\/\/portal.uern.br\/aai\/wp-content\/uploads\/sites\/4\/2024\/04\/1-300x300.png 300w, https:\/\/portal.uern.br\/aai\/wp-content\/uploads\/sites\/4\/2024\/04\/1-1024x1024.png 1024w, https:\/\/portal.uern.br\/aai\/wp-content\/uploads\/sites\/4\/2024\/04\/1-150x150.png 150w, https:\/\/portal.uern.br\/aai\/wp-content\/uploads\/sites\/4\/2024\/04\/1-768x768.png 768w, https:\/\/portal.uern.br\/aai\/wp-content\/uploads\/sites\/4\/2024\/04\/1.png 1080w\" sizes=\"(max-width: 300px) 100vw, 300px\" \/><\/p>\n<p style=\"text-align: center\">\u00a0 \u00a0 \u00a0 \u00a0 \u00a0 \u00a0 \u00a0 \u00a0 \u00a0Link de acesso \u00e0 grava\u00e7\u00e3o da palestra:\u00a0<a href=\"https:\/\/drive.google.com\/file\/d\/1Q5lLH0FMswIm13v9S_x0bmOcabkeBHhv\/view?usp=sharing\">https:\/\/drive.google.com\/file\/d\/1Q5lLH0FMswIm13v9S_x0bmOcabkeBHhv\/view?usp=sharing<\/a><\/p>\n<p><img decoding=\"async\" class=\"size-medium wp-image-1207 aligncenter\" src=\"https:\/\/portal.uern.br\/aai\/wp-content\/uploads\/sites\/4\/2024\/04\/2-300x300.png\" alt=\"\" width=\"300\" height=\"300\" srcset=\"https:\/\/portal.uern.br\/aai\/wp-content\/uploads\/sites\/4\/2024\/04\/2-300x300.png 300w, https:\/\/portal.uern.br\/aai\/wp-content\/uploads\/sites\/4\/2024\/04\/2-1024x1024.png 1024w, https:\/\/portal.uern.br\/aai\/wp-content\/uploads\/sites\/4\/2024\/04\/2-150x150.png 150w, https:\/\/portal.uern.br\/aai\/wp-content\/uploads\/sites\/4\/2024\/04\/2-768x768.png 768w, https:\/\/portal.uern.br\/aai\/wp-content\/uploads\/sites\/4\/2024\/04\/2.png 1080w\" sizes=\"(max-width: 300px) 100vw, 300px\" \/><\/p>\n<p style=\"text-align: center\">Link de acesso \u00e0 grava\u00e7\u00e3o do evento: <a href=\"https:\/\/drive.google.com\/file\/d\/1SGJxvshkh2jIXP_ty4GXzEJGymHbCjkG\/view?usp=sharing\">https:\/\/drive.google.com\/file\/d\/1SGJxvshkh2jIXP_ty4GXzEJGymHbCjkG\/view?usp=sharing<\/a><\/p>\n<p>&nbsp;<\/p>\n<p><img loading=\"lazy\" decoding=\"async\" class=\"size-medium wp-image-1208 aligncenter\" src=\"https:\/\/portal.uern.br\/aai\/wp-content\/uploads\/sites\/4\/2024\/04\/3-300x300.png\" alt=\"\" width=\"300\" height=\"300\" srcset=\"https:\/\/portal.uern.br\/aai\/wp-content\/uploads\/sites\/4\/2024\/04\/3-300x300.png 300w, https:\/\/portal.uern.br\/aai\/wp-content\/uploads\/sites\/4\/2024\/04\/3-1024x1024.png 1024w, https:\/\/portal.uern.br\/aai\/wp-content\/uploads\/sites\/4\/2024\/04\/3-150x150.png 150w, https:\/\/portal.uern.br\/aai\/wp-content\/uploads\/sites\/4\/2024\/04\/3-768x768.png 768w, https:\/\/portal.uern.br\/aai\/wp-content\/uploads\/sites\/4\/2024\/04\/3.png 1080w\" sizes=\"(max-width: 300px) 100vw, 300px\" \/><\/p>\n<p style=\"text-align: center\">Link de acesso \u00e0 grava\u00e7\u00e3o do evento:\u00a0<a href=\"https:\/\/drive.google.com\/file\/d\/1Unk1y2fNmk7uygcRKa1xbKUypcbqndd_\/view?usp=sharing\">https:\/\/drive.google.com\/file\/d\/1Unk1y2fNmk7uygcRKa1xbKUypcbqndd_\/view?usp=sharing<\/a><\/p>\n<p style=\"text-align: center\">Slides apresentados:\u00a0<a href=\"https:\/\/drive.google.com\/file\/d\/1iUEG1W4Fvp-iDpnDM8NSyB_kvo1P4vq0\/view?usp=drive_link\">https:\/\/drive.google.com\/file\/d\/1iUEG1W4Fvp-iDpnDM8NSyB_kvo1P4vq0\/view?usp=drive_link<\/a><\/p>\n<p>&nbsp;<\/p>\n<p><img loading=\"lazy\" decoding=\"async\" class=\"size-medium wp-image-1209 aligncenter\" src=\"https:\/\/portal.uern.br\/aai\/wp-content\/uploads\/sites\/4\/2024\/04\/4-300x300.png\" alt=\"\" width=\"300\" height=\"300\" srcset=\"https:\/\/portal.uern.br\/aai\/wp-content\/uploads\/sites\/4\/2024\/04\/4-300x300.png 300w, https:\/\/portal.uern.br\/aai\/wp-content\/uploads\/sites\/4\/2024\/04\/4-1024x1024.png 1024w, https:\/\/portal.uern.br\/aai\/wp-content\/uploads\/sites\/4\/2024\/04\/4-150x150.png 150w, https:\/\/portal.uern.br\/aai\/wp-content\/uploads\/sites\/4\/2024\/04\/4-768x768.png 768w, https:\/\/portal.uern.br\/aai\/wp-content\/uploads\/sites\/4\/2024\/04\/4.png 1080w\" sizes=\"(max-width: 300px) 100vw, 300px\" \/><\/p>\n<p style=\"text-align: center\">Link de acesso \u00e0 sala do evento:\u00a0<a href=\"https:\/\/conferenciaweb.rnp.br\/uern\/reuniao-com-coses-e-ndes-orientacoes-sobre-o-trabalho-das-coses-no-ciclo-avaliativo-2023\">https:\/\/conferenciaweb.rnp.br\/uern\/reuniao-com-coses-e-ndes-orientacoes-sobre-o-trabalho-das-coses-no-ciclo-avaliativo-2023<\/a><\/p>\n<p>&nbsp;<\/p>\n<p><img loading=\"lazy\" decoding=\"async\" class=\"size-medium wp-image-1210 aligncenter\" src=\"https:\/\/portal.uern.br\/aai\/wp-content\/uploads\/sites\/4\/2024\/04\/5-300x300.png\" alt=\"\" width=\"300\" height=\"300\" srcset=\"https:\/\/portal.uern.br\/aai\/wp-content\/uploads\/sites\/4\/2024\/04\/5-300x300.png 300w, https:\/\/portal.uern.br\/aai\/wp-content\/uploads\/sites\/4\/2024\/04\/5-1024x1024.png 1024w, https:\/\/portal.uern.br\/aai\/wp-content\/uploads\/sites\/4\/2024\/04\/5-150x150.png 150w, https:\/\/portal.uern.br\/aai\/wp-content\/uploads\/sites\/4\/2024\/04\/5-768x768.png 768w, https:\/\/portal.uern.br\/aai\/wp-content\/uploads\/sites\/4\/2024\/04\/5.png 1080w\" sizes=\"(max-width: 300px) 100vw, 300px\" \/><\/p>\n<p style=\"text-align: center\">Link de acesso \u00e0 grava\u00e7\u00e3o do evento:<a href=\"https:\/\/drive.google.com\/file\/d\/1YfiBVX5wG0vDUknZ5nysc05n4Mo29DGF\/view?usp=sharing\">https:\/\/drive.google.com\/file\/d\/1YfiBVX5wG0vDUknZ5nysc05n4Mo29DGF\/view?usp=sharing<\/a><\/p>\n<p style=\"text-align: center\">Slides apresentados: <a href=\"https:\/\/drive.google.com\/file\/d\/1buZaHjtj6cTUGfMd8XTL_fUIlFgUg2f-\/view?usp=drive_link\">https:\/\/drive.google.com\/file\/d\/1buZaHjtj6cTUGfMd8XTL_fUIlFgUg2f-\/view?usp=sharing<\/a><\/p>\n<p>&nbsp;<\/p>\n<p><img loading=\"lazy\" decoding=\"async\" class=\"alignnone size-medium wp-image-1212 aligncenter\" src=\"https:\/\/portal.uern.br\/aai\/wp-content\/uploads\/sites\/4\/2024\/04\/6-300x300.png\" alt=\"\" width=\"300\" height=\"300\" srcset=\"https:\/\/portal.uern.br\/aai\/wp-content\/uploads\/sites\/4\/2024\/04\/6-300x300.png 300w, https:\/\/portal.uern.br\/aai\/wp-content\/uploads\/sites\/4\/2024\/04\/6-1024x1024.png 1024w, https:\/\/portal.uern.br\/aai\/wp-content\/uploads\/sites\/4\/2024\/04\/6-150x150.png 150w, https:\/\/portal.uern.br\/aai\/wp-content\/uploads\/sites\/4\/2024\/04\/6-768x768.png 768w, https:\/\/portal.uern.br\/aai\/wp-content\/uploads\/sites\/4\/2024\/04\/6.png 1080w\" sizes=\"(max-width: 300px) 100vw, 300px\" \/><\/p>\n<p style=\"text-align: center\">Link de acesso \u00e0 grava\u00e7\u00e3o do evento:\u00a0<a href=\"https:\/\/drive.google.com\/file\/d\/1lWgydpUVYJHSBUCgV6aav012QEm_-LCQ\/view?usp=sharing\">https:\/\/drive.google.com\/file\/d\/1lWgydpUVYJHSBUCgV6aav012QEm_-LCQ\/view?usp=sharing<\/a><\/p>\n<p>&nbsp;<\/p>\n<p><img loading=\"lazy\" decoding=\"async\" class=\"size-medium wp-image-1213 aligncenter\" src=\"https:\/\/portal.uern.br\/aai\/wp-content\/uploads\/sites\/4\/2024\/04\/7-300x300.png\" alt=\"\" width=\"300\" height=\"300\" srcset=\"https:\/\/portal.uern.br\/aai\/wp-content\/uploads\/sites\/4\/2024\/04\/7-300x300.png 300w, https:\/\/portal.uern.br\/aai\/wp-content\/uploads\/sites\/4\/2024\/04\/7-1024x1024.png 1024w, https:\/\/portal.uern.br\/aai\/wp-content\/uploads\/sites\/4\/2024\/04\/7-150x150.png 150w, https:\/\/portal.uern.br\/aai\/wp-content\/uploads\/sites\/4\/2024\/04\/7-768x768.png 768w, https:\/\/portal.uern.br\/aai\/wp-content\/uploads\/sites\/4\/2024\/04\/7.png 1080w\" sizes=\"(max-width: 300px) 100vw, 300px\" \/><\/p>\n<p style=\"text-align: center\">Link de acesso \u00e0 grava\u00e7\u00e3o do evento: <a href=\"https:\/\/drive.google.com\/file\/d\/11DZLN1qDymiFmEOsKdipjnB7fQQUHZMH\/view?usp=sharing\">https:\/\/drive.google.com\/file\/d\/11DZLN1qDymiFmEOsKdipjnB7fQQUHZMH\/view?usp=sharing<\/a><\/p>\n<p>&nbsp;<\/p>\n<p><img loading=\"lazy\" decoding=\"async\" class=\"alignnone size-medium wp-image-1214 aligncenter\" src=\"https:\/\/portal.uern.br\/aai\/wp-content\/uploads\/sites\/4\/2024\/04\/8-300x300.png\" alt=\"\" width=\"300\" height=\"300\" srcset=\"https:\/\/portal.uern.br\/aai\/wp-content\/uploads\/sites\/4\/2024\/04\/8-300x300.png 300w, https:\/\/portal.uern.br\/aai\/wp-content\/uploads\/sites\/4\/2024\/04\/8-1024x1024.png 1024w, https:\/\/portal.uern.br\/aai\/wp-content\/uploads\/sites\/4\/2024\/04\/8-150x150.png 150w, https:\/\/portal.uern.br\/aai\/wp-content\/uploads\/sites\/4\/2024\/04\/8-768x768.png 768w, https:\/\/portal.uern.br\/aai\/wp-content\/uploads\/sites\/4\/2024\/04\/8.png 1080w\" sizes=\"(max-width: 300px) 100vw, 300px\" \/><\/p>\n<p style=\"text-align: center\">Link de acesso \u00e0 grava\u00e7\u00e3o do evento: <a href=\"https:\/\/drive.google.com\/file\/d\/1vZnXyFHmuxIRdbtljVrcUrtvLL466rBt\/view?usp=sharing\">https:\/\/drive.google.com\/file\/d\/1vZnXyFHmuxIRdbtljVrcUrtvLL466rBt\/view?usp=sharing<\/a><\/p>\n<p>&nbsp;<\/p>\n<h2 style=\"text-align: center\"><strong>Atividades presenciais:<\/strong><\/h2>\n<p style=\"text-align: center\"><strong>Local:<\/strong> Audit\u00f3rio da FALA &#8211; Campus Central<\/p>\n<p><img loading=\"lazy\" decoding=\"async\" class=\"size-medium wp-image-1215 aligncenter\" src=\"https:\/\/portal.uern.br\/aai\/wp-content\/uploads\/sites\/4\/2024\/04\/9-300x300.png\" alt=\"\" width=\"300\" height=\"300\" srcset=\"https:\/\/portal.uern.br\/aai\/wp-content\/uploads\/sites\/4\/2024\/04\/9-300x300.png 300w, https:\/\/portal.uern.br\/aai\/wp-content\/uploads\/sites\/4\/2024\/04\/9-1024x1024.png 1024w, https:\/\/portal.uern.br\/aai\/wp-content\/uploads\/sites\/4\/2024\/04\/9-150x150.png 150w, https:\/\/portal.uern.br\/aai\/wp-content\/uploads\/sites\/4\/2024\/04\/9-768x768.png 768w, https:\/\/portal.uern.br\/aai\/wp-content\/uploads\/sites\/4\/2024\/04\/9.png 1080w\" sizes=\"(max-width: 300px) 100vw, 300px\" \/><\/p>\n<p><img loading=\"lazy\" decoding=\"async\" class=\"size-medium wp-image-1211 aligncenter\" src=\"https:\/\/portal.uern.br\/aai\/wp-content\/uploads\/sites\/4\/2024\/04\/10-300x300.png\" alt=\"\" width=\"300\" height=\"300\" srcset=\"https:\/\/portal.uern.br\/aai\/wp-content\/uploads\/sites\/4\/2024\/04\/10-300x300.png 300w, https:\/\/portal.uern.br\/aai\/wp-content\/uploads\/sites\/4\/2024\/04\/10-1024x1024.png 1024w, https:\/\/portal.uern.br\/aai\/wp-content\/uploads\/sites\/4\/2024\/04\/10-150x150.png 150w, https:\/\/portal.uern.br\/aai\/wp-content\/uploads\/sites\/4\/2024\/04\/10-768x768.png 768w, https:\/\/portal.uern.br\/aai\/wp-content\/uploads\/sites\/4\/2024\/04\/10.png 1080w\" sizes=\"(max-width: 300px) 100vw, 300px\" \/><\/p>\n<p>&nbsp;<\/p>\n","protected":false},"excerpt":{"rendered":"<p>\u00a0 \u00a0 \u00a0 \u00a0De 11 a 30 de abril de 2024, a Comiss\u00e3o Pr\u00f3pria de Avalia\u00e7\u00e3o, em colabora\u00e7\u00e3o com a Assessoria de Avalia\u00e7\u00e3o Institucional, estar\u00e1 promovendo o III Seman\u00e1rio de Avalia\u00e7\u00e3o Institucional. Sob o tema &#8220;Di\u00e1logo, A\u00e7\u00e3o e Corresponsabiliza\u00e7\u00e3o para a Excel\u00eancia Acad\u00eamica e o Futuro Sustent\u00e1vel da Sociedade&#8221;, este evento ser\u00e1 realizado em formato [&hellip;]<\/p>\n","protected":false},"author":33,"featured_media":0,"parent":0,"menu_order":0,"comment_status":"closed","ping_status":"closed","template":"","meta":[],"_links":{"self":[{"href":"https:\/\/portal.uern.br\/aai\/wp-json\/wp\/v2\/pages\/1204"}],"collection":[{"href":"https:\/\/portal.uern.br\/aai\/wp-json\/wp\/v2\/pages"}],"about":[{"href":"https:\/\/portal.uern.br\/aai\/wp-json\/wp\/v2\/types\/page"}],"author":[{"embeddable":true,"href":"https:\/\/portal.uern.br\/aai\/wp-json\/wp\/v2\/users\/33"}],"replies":[{"embeddable":true,"href":"https:\/\/portal.uern.br\/aai\/wp-json\/wp\/v2\/comments?post=1204"}],"version-history":[{"count":15,"href":"https:\/\/portal.uern.br\/aai\/wp-json\/wp\/v2\/pages\/1204\/revisions"}],"predecessor-version":[{"id":1261,"href":"https:\/\/portal.uern.br\/aai\/wp-json\/wp\/v2\/pages\/1204\/revisions\/1261"}],"wp:attachment":[{"href":"https:\/\/portal.uern.br\/aai\/wp-json\/wp\/v2\/media?parent=1204"}],"curies":[{"name":"wp","href":"https:\/\/api.w.org\/{rel}","templated":true}]}}