{"id":117,"date":"2022-10-19T16:14:28","date_gmt":"2022-10-19T19:14:28","guid":{"rendered":"https:\/\/paisdemossoro.com.br\/wordpress\/aai\/?page_id=117"},"modified":"2024-07-18T11:11:40","modified_gmt":"2024-07-18T14:11:40","slug":"atividades-academicas-remotas-exceto-ensino-de-graduacao","status":"publish","type":"page","link":"https:\/\/portal.uern.br\/aai\/atividades-academicas-remotas-exceto-ensino-de-graduacao\/","title":{"rendered":"Relat\u00f3rios das Atividades Acad\u00eamicas Remotas (exceto Ensino de Gradua\u00e7\u00e3o)"},"content":{"rendered":"<h4><strong>Atividades Acad\u00eamicas Remotas\u00a0<\/strong><\/h4>\n<p>A UERN protagonizou um importante papel, mantendo suas atividades de gest\u00e3o e acad\u00eamicas, sem o ensino de gradua\u00e7\u00e3o de mar\u00e7o a agosto de 2020. Nesse contexto, docentes, discentes e t\u00e9cnicos administrativos atuaram de diferentes formas, seja como ministrantes, mediadores e\/ou ouvintes de atividades de forma\u00e7\u00e3o continuada, lives acad\u00eamicas, cursos de capacita\u00e7\u00e3o etc. Com o prop\u00f3sito de diagnosticar e avaliar essa importante atua\u00e7\u00e3o, a AAI\/CPA disponibilizou instrumentos de avalia\u00e7\u00e3o para perceber as pot\u00eancias, fragilidades, inventividades e aprendizagens desses momentos de atua\u00e7\u00e3o da institui\u00e7\u00e3o. A Avalia\u00e7\u00e3o das Atividades Acad\u00eamicas Remotas em Contexto de Pandemia 2020 (Exceto ensino de gradua\u00e7\u00e3o) aconteceu no per\u00edodo de 14 a 30 de setembro de 2020. A pesquisa foi disponibilizada atrav\u00e9s do google forms e contou com a participa\u00e7\u00e3o de 2.516 pessoas. O resultado foi divulgado no Sistema Eletr\u00f4nico de Informa\u00e7\u00f5es por meio do\u00a0<a href=\"https:\/\/sei.rn.gov.br\/sei\/modulos\/pesquisa\/md_pesq_processo_exibir.php?iI3OtHvPArITY997V09rhsSkbDKbaYSycOHqqF2xsM0IaDkkEyJpus7kCPb435VNEAb16AAxmJKUdrsNWVIqQ52Z0MQowL4KmJhTMoYuFo4M86dqnDJISCt_nzIY92f2\">Processo n\u00ba 04410003.002468\/2020-44<\/a>. Para consulta e acesso completo ao relat\u00f3rio clique no link a seguir:\u00a0<a href=\"https:\/\/drive.google.com\/file\/d\/1SUUhTLckiGFbKVOdcz0FyHStAMYFiAFf\/view?usp=sharing\">Relat\u00f3rio de Avalia\u00e7\u00e3o das Atividades Acad\u00eamicas\u00a0 da Uern (Exceto Ensino de Gradua\u00e7\u00e3o)\u00a0 Ano Refer\u00eancia 2020<\/a><\/p>\n","protected":false},"excerpt":{"rendered":"<p>Atividades Acad\u00eamicas Remotas\u00a0 A UERN protagonizou um importante papel, mantendo suas atividades de gest\u00e3o e acad\u00eamicas, sem o ensino de gradua\u00e7\u00e3o de mar\u00e7o a agosto de 2020. Nesse contexto, docentes, discentes e t\u00e9cnicos administrativos atuaram de diferentes formas, seja como ministrantes, mediadores e\/ou ouvintes de atividades de forma\u00e7\u00e3o continuada, lives acad\u00eamicas, cursos de capacita\u00e7\u00e3o etc. [&hellip;]<\/p>\n","protected":false},"author":1,"featured_media":0,"parent":0,"menu_order":0,"comment_status":"closed","ping_status":"closed","template":"","meta":[],"_links":{"self":[{"href":"https:\/\/portal.uern.br\/aai\/wp-json\/wp\/v2\/pages\/117"}],"collection":[{"href":"https:\/\/portal.uern.br\/aai\/wp-json\/wp\/v2\/pages"}],"about":[{"href":"https:\/\/portal.uern.br\/aai\/wp-json\/wp\/v2\/types\/page"}],"author":[{"embeddable":true,"href":"https:\/\/portal.uern.br\/aai\/wp-json\/wp\/v2\/users\/1"}],"replies":[{"embeddable":true,"href":"https:\/\/portal.uern.br\/aai\/wp-json\/wp\/v2\/comments?post=117"}],"version-history":[{"count":3,"href":"https:\/\/portal.uern.br\/aai\/wp-json\/wp\/v2\/pages\/117\/revisions"}],"predecessor-version":[{"id":1323,"href":"https:\/\/portal.uern.br\/aai\/wp-json\/wp\/v2\/pages\/117\/revisions\/1323"}],"wp:attachment":[{"href":"https:\/\/portal.uern.br\/aai\/wp-json\/wp\/v2\/media?parent=117"}],"curies":[{"name":"wp","href":"https:\/\/api.w.org\/{rel}","templated":true}]}}