{"id":1149,"date":"2023-10-23T10:50:51","date_gmt":"2023-10-23T13:50:51","guid":{"rendered":"https:\/\/portal.uern.br\/aai\/?page_id=1149"},"modified":"2025-08-01T11:47:10","modified_gmt":"2025-08-01T14:47:10","slug":"igc","status":"publish","type":"page","link":"https:\/\/portal.uern.br\/aai\/igc\/","title":{"rendered":"IGC"},"content":{"rendered":"<p>&nbsp;<\/p>\n<p>\u00cdndice Geral de Cursos (IGC)\u00a0 \u00e9 constru\u00eddo com base numa m\u00e9dia ponderada das notas dos cursos de gradua\u00e7\u00e3o e p\u00f3s-gradua\u00e7\u00e3o de cada institui\u00e7\u00e3o. Assim, sintetiza num \u00fanico indicador a qualidade de todos os cursos de gradua\u00e7\u00e3o, mestrado e doutorado da mesma institui\u00e7\u00e3o de ensino. O IGC \u00e9 divulgado anualmente pelo Inep\/MEC, imediatamente ap\u00f3s a divulga\u00e7\u00e3o dos resultados do Enade. IGC &#8211; UERN<\/p>\n<p style=\"text-align: center\">IGC &#8211; UERN<\/p>\n<p>&nbsp;<\/p>\n<p><img fetchpriority=\"high\" decoding=\"async\" class=\" wp-image-1247 aligncenter\" src=\"https:\/\/portal.uern.br\/aai\/wp-content\/uploads\/sites\/4\/2024\/04\/IGC-Portal-1024x285-1-300x83.png\" alt=\"\" width=\"535\" height=\"148\" srcset=\"https:\/\/portal.uern.br\/aai\/wp-content\/uploads\/sites\/4\/2024\/04\/IGC-Portal-1024x285-1-300x83.png 300w, https:\/\/portal.uern.br\/aai\/wp-content\/uploads\/sites\/4\/2024\/04\/IGC-Portal-1024x285-1-768x214.png 768w, https:\/\/portal.uern.br\/aai\/wp-content\/uploads\/sites\/4\/2024\/04\/IGC-Portal-1024x285-1.png 1024w\" sizes=\"(max-width: 535px) 100vw, 535px\" \/><\/p>\n<p>&nbsp;<\/p>\n<table width=\"100%\" cellspacing=\"0\" cellpadding=\"0\">\n<tbody>\n<tr>\n<td colspan=\"7\" valign=\"top\" width=\"100%\">\n<p align=\"center\">IGC-FAIXA<\/p>\n<\/td>\n<\/tr>\n<tr valign=\"top\">\n<td width=\"14%\">\n<p align=\"center\">2016<\/p>\n<\/td>\n<td width=\"14%\">\n<p align=\"center\">2017<\/p>\n<\/td>\n<td width=\"14%\">\n<p align=\"center\">2018<\/p>\n<\/td>\n<td width=\"14%\">\n<p align=\"center\">2019<\/p>\n<\/td>\n<td width=\"14%\">\n<p align=\"center\">2021<\/p>\n<\/td>\n<td width=\"14%\">\n<p align=\"center\">2022<\/p>\n<\/td>\n<td width=\"14%\">\n<p align=\"center\">2023<\/p>\n<\/td>\n<\/tr>\n<tr valign=\"top\">\n<td width=\"14%\">\n<p align=\"center\">3<\/p>\n<\/td>\n<td width=\"14%\">\n<p align=\"center\">3<\/p>\n<\/td>\n<td width=\"14%\">\n<p align=\"center\">3<\/p>\n<\/td>\n<td width=\"14%\">\n<p align=\"center\">3<\/p>\n<\/td>\n<td width=\"14%\">\n<p align=\"center\">4<\/p>\n<\/td>\n<td width=\"14%\">\n<p align=\"center\">4<\/p>\n<\/td>\n<td width=\"14%\">\n<p align=\"center\">4<\/p>\n<\/td>\n<\/tr>\n<\/tbody>\n<\/table>\n<p>&nbsp;<\/p>\n<p>&nbsp;<\/p>\n<table width=\"100%\" cellspacing=\"0\" cellpadding=\"0\">\n<tbody>\n<tr>\n<td colspan=\"7\" valign=\"top\" width=\"100%\">\n<p align=\"center\">IGC-CONT\u00cdNUO<\/p>\n<\/td>\n<\/tr>\n<tr valign=\"top\">\n<td width=\"14%\">\n<p align=\"center\">2016<\/p>\n<\/td>\n<td width=\"14%\">\n<p align=\"center\">2017<\/p>\n<\/td>\n<td width=\"14%\">\n<p align=\"center\">2018<\/p>\n<\/td>\n<td width=\"14%\">\n<p align=\"center\">2019<\/p>\n<\/td>\n<td width=\"14%\">\n<p align=\"center\">2021<\/p>\n<\/td>\n<td width=\"14%\">\n<p align=\"center\">2022<\/p>\n<\/td>\n<td width=\"14%\">\n<p align=\"center\">2023<\/p>\n<\/td>\n<\/tr>\n<tr valign=\"top\">\n<td width=\"14%\">\n<p align=\"center\">2,557<\/p>\n<\/td>\n<td width=\"14%\">\n<p align=\"center\">2,668<\/p>\n<\/td>\n<td width=\"14%\">\n<p align=\"center\">2,891<\/p>\n<\/td>\n<td width=\"14%\">\n<p align=\"center\">2,896<\/p>\n<\/td>\n<td width=\"14%\">\n<p align=\"center\">3,007<\/p>\n<\/td>\n<td width=\"14%\">\n<p align=\"center\">3,196<\/p>\n<\/td>\n<td width=\"14%\">\n<p align=\"center\">3.2300<\/p>\n<\/td>\n<\/tr>\n<\/tbody>\n<\/table>\n<p>&nbsp;<\/p>\n<p>&nbsp;<\/p>\n","protected":false},"excerpt":{"rendered":"<p>&nbsp; \u00cdndice Geral de Cursos (IGC)\u00a0 \u00e9 constru\u00eddo com base numa m\u00e9dia ponderada das notas dos cursos de gradua\u00e7\u00e3o e p\u00f3s-gradua\u00e7\u00e3o de cada institui\u00e7\u00e3o. Assim, sintetiza num \u00fanico indicador a qualidade de todos os cursos de gradua\u00e7\u00e3o, mestrado e doutorado da mesma institui\u00e7\u00e3o de ensino. O IGC \u00e9 divulgado anualmente pelo Inep\/MEC, imediatamente ap\u00f3s a [&hellip;]<\/p>\n","protected":false},"author":32,"featured_media":0,"parent":0,"menu_order":0,"comment_status":"closed","ping_status":"closed","template":"","meta":[],"_links":{"self":[{"href":"https:\/\/portal.uern.br\/aai\/wp-json\/wp\/v2\/pages\/1149"}],"collection":[{"href":"https:\/\/portal.uern.br\/aai\/wp-json\/wp\/v2\/pages"}],"about":[{"href":"https:\/\/portal.uern.br\/aai\/wp-json\/wp\/v2\/types\/page"}],"author":[{"embeddable":true,"href":"https:\/\/portal.uern.br\/aai\/wp-json\/wp\/v2\/users\/32"}],"replies":[{"embeddable":true,"href":"https:\/\/portal.uern.br\/aai\/wp-json\/wp\/v2\/comments?post=1149"}],"version-history":[{"count":14,"href":"https:\/\/portal.uern.br\/aai\/wp-json\/wp\/v2\/pages\/1149\/revisions"}],"predecessor-version":[{"id":1654,"href":"https:\/\/portal.uern.br\/aai\/wp-json\/wp\/v2\/pages\/1149\/revisions\/1654"}],"wp:attachment":[{"href":"https:\/\/portal.uern.br\/aai\/wp-json\/wp\/v2\/media?parent=1149"}],"curies":[{"name":"wp","href":"https:\/\/api.w.org\/{rel}","templated":true}]}}