{"id":113,"date":"2022-10-19T16:07:17","date_gmt":"2022-10-19T19:07:17","guid":{"rendered":"https:\/\/paisdemossoro.com.br\/wordpress\/aai\/?page_id=113"},"modified":"2024-07-18T11:10:00","modified_gmt":"2024-07-18T14:10:00","slug":"ensino-remoto","status":"publish","type":"page","link":"https:\/\/portal.uern.br\/aai\/ensino-remoto\/","title":{"rendered":"Relat\u00f3rios &#8211; Ensino Remoto"},"content":{"rendered":"<p>A avalia\u00e7\u00e3o interna do ensino de gradua\u00e7\u00e3o \u00e9 um processo conduzido pela CPA\/AAI em parceria com as Comiss\u00f5es Setoriais de Avalia\u00e7\u00e3o. O procedimento normalmente ocorre de forma semestral na UERN e sua aplica\u00e7\u00e3o \u00e9 divulgada como per\u00edodo de avalia\u00e7\u00e3o online. O Ensino Remoto n\u00e3o se confunde com a Educa\u00e7\u00e3o a Dist\u00e2ncia &#8211; EAD, pois o primeiro foi acionado emergencialmente para suprir o ensino presencial impossibilitado no contexto da Pandemia do COVID-19 e n\u00e3o possui curr\u00edculo espec\u00edfico e nem material did\u00e1tico pr\u00f3prio de um ensino a dist\u00e2ncia. Por esse motivo, coube aos professores, com apoio pedag\u00f3gico institucional, fazer as melhores adequa\u00e7\u00f5es para ir ao encontro formativo dos discentes com media\u00e7\u00e3o online. O Ensino Remoto na UERN foi regulamentado pela Resolu\u00e7\u00e3o n\u00ba 28\/2020 &#8211; CONSEPE, de 13 de agosto de 2020.<\/p>\n<p>Desejamos que a leitura desses relat\u00f3rios possa contribuir com a autoavalia\u00e7\u00e3o de docentes, discentes, t\u00e9cnicos e da gest\u00e3o, no sentido de se perceberem como potenciais respons\u00e1veis pelo percurso e pelos resultados a serem alcan\u00e7ados.<\/p>\n<ul>\n<li><a href=\"https:\/\/drive.google.com\/file\/d\/1XyK7vRWfz5Pz5IUDKGbttgmJo_7lqmYR\/view?usp=sharing\">Relat\u00f3rio Geral de Avalia\u00e7\u00e3o do Ensino Remoto Semestre Refer\u00eancia 2020.1<br \/>\n<\/a><\/li>\n<li><a href=\"https:\/\/drive.google.com\/file\/d\/1Tv3kjrwC40jfmq89zEZCG_cSYaEmW0fY\/view?usp=sharing\">Relat\u00f3rio Geral de Avalia\u00e7\u00e3o do Ensino Remoto Semestre Refer\u00eancia 2020.2<\/a><\/li>\n<li><a href=\"https:\/\/drive.google.com\/file\/d\/1qXjg8pzRsl9F_3ahlMG8Ljo2nueiw2qc\/view?usp=sharing\">Relat\u00f3rio Geral de Avalia\u00e7\u00e3o do Ensino Remoto Semestre Refer\u00eancia 2021.1<\/a><\/li>\n<li><a href=\"https:\/\/drive.google.com\/file\/d\/1vT51ZTUf6uwMM0TjT0sqfRvBDgNmNzZE\/view?usp=sharing\">Relat\u00f3rio Geral de Avalia\u00e7\u00e3o do Ensino Remoto Emergencial Semestre Refer\u00eancia 2021.2<\/a><\/li>\n<\/ul>\n","protected":false},"excerpt":{"rendered":"<p>A avalia\u00e7\u00e3o interna do ensino de gradua\u00e7\u00e3o \u00e9 um processo conduzido pela CPA\/AAI em parceria com as Comiss\u00f5es Setoriais de Avalia\u00e7\u00e3o. O procedimento normalmente ocorre de forma semestral na UERN e sua aplica\u00e7\u00e3o \u00e9 divulgada como per\u00edodo de avalia\u00e7\u00e3o online. O Ensino Remoto n\u00e3o se confunde com a Educa\u00e7\u00e3o a Dist\u00e2ncia &#8211; EAD, pois o [&hellip;]<\/p>\n","protected":false},"author":1,"featured_media":0,"parent":0,"menu_order":0,"comment_status":"closed","ping_status":"closed","template":"","meta":[],"_links":{"self":[{"href":"https:\/\/portal.uern.br\/aai\/wp-json\/wp\/v2\/pages\/113"}],"collection":[{"href":"https:\/\/portal.uern.br\/aai\/wp-json\/wp\/v2\/pages"}],"about":[{"href":"https:\/\/portal.uern.br\/aai\/wp-json\/wp\/v2\/types\/page"}],"author":[{"embeddable":true,"href":"https:\/\/portal.uern.br\/aai\/wp-json\/wp\/v2\/users\/1"}],"replies":[{"embeddable":true,"href":"https:\/\/portal.uern.br\/aai\/wp-json\/wp\/v2\/comments?post=113"}],"version-history":[{"count":3,"href":"https:\/\/portal.uern.br\/aai\/wp-json\/wp\/v2\/pages\/113\/revisions"}],"predecessor-version":[{"id":1322,"href":"https:\/\/portal.uern.br\/aai\/wp-json\/wp\/v2\/pages\/113\/revisions\/1322"}],"wp:attachment":[{"href":"https:\/\/portal.uern.br\/aai\/wp-json\/wp\/v2\/media?parent=113"}],"curies":[{"name":"wp","href":"https:\/\/api.w.org\/{rel}","templated":true}]}}